CRAN Package Check Results for Package BiDimRegression

Last updated on 2021-10-27 23:50:18 CEST.

Flavor Version Tinstall Tcheck Ttotal Status Flags
r-devel-linux-x86_64-debian-clang 2.0.0 3.82 34.23 38.05 NOTE
r-devel-linux-x86_64-debian-gcc 2.0.0 2.97 27.14 30.11 NOTE
r-devel-linux-x86_64-fedora-clang 2.0.0 56.84 NOTE
r-devel-linux-x86_64-fedora-gcc 2.0.0 46.44 NOTE
r-devel-windows-x86_64 2.0.0 6.00 54.00 60.00 OK
r-devel-windows-x86_64-gcc10-UCRT 2.0.0 OK
r-patched-linux-x86_64 2.0.0 4.10 32.91 37.01 NOTE
r-patched-solaris-x86 2.0.0 67.50 NOTE
r-release-linux-x86_64 2.0.0 3.63 32.91 36.54 NOTE
r-release-macos-arm64 2.0.0 OK
r-release-macos-x86_64 2.0.0 OK
r-release-windows-ix86+x86_64 2.0.0 7.00 47.00 54.00 OK
r-oldrel-macos-x86_64 2.0.0 OK
r-oldrel-windows-ix86+x86_64 2.0.0 7.00 46.00 53.00 OK

Check Details

Version: 2.0.0
Check: for non-standard things in the check directory
Result: NOTE
    Found the following files/directories:
     'BiDimRegrOutput.txt'
Flavors: r-devel-linux-x86_64-debian-clang, r-devel-linux-x86_64-debian-gcc, r-devel-linux-x86_64-fedora-clang, r-devel-linux-x86_64-fedora-gcc, r-patched-linux-x86_64, r-patched-solaris-x86, r-release-linux-x86_64