CRAN Package Check Results for Package BetaBit

Last updated on 2021-10-18 23:49:25 CEST.

Flavor Version Tinstall Tcheck Ttotal Status Flags
r-devel-linux-x86_64-debian-clang 1.4 4.74 34.59 39.33 OK
r-devel-linux-x86_64-debian-gcc 1.4 3.73 26.88 30.61 OK
r-devel-linux-x86_64-fedora-clang 1.4 59.02 NOTE
r-devel-linux-x86_64-fedora-gcc 1.4 45.53 NOTE
r-devel-windows-x86_64 1.4 7.00 55.00 62.00 OK
r-devel-windows-x86_64-gcc10-UCRT 1.4 NOTE
r-patched-linux-x86_64 1.4 5.01 33.72 38.73 OK
r-patched-solaris-x86 1.4 58.80 NOTE
r-release-linux-x86_64 1.4 4.70 33.38 38.08 OK
r-release-macos-arm64 1.4 NOTE
r-release-macos-x86_64 1.4 NOTE
r-release-windows-ix86+x86_64 1.4 10.00 51.00 61.00 OK
r-oldrel-macos-x86_64 1.4 NOTE
r-oldrel-windows-ix86+x86_64 1.4 9.00 47.00 56.00 OK

Check Details

Version: 1.4
Check: data for non-ASCII characters
Result: NOTE
     Note: found 20 marked UTF-8 strings
Flavors: r-devel-linux-x86_64-fedora-clang, r-devel-linux-x86_64-fedora-gcc, r-devel-windows-x86_64-gcc10-UCRT, r-patched-solaris-x86, r-release-macos-arm64, r-release-macos-x86_64, r-oldrel-macos-x86_64