CRAN Package Check Results for Package BenfordTests

Last updated on 2022-06-25 23:56:12 CEST.

Flavor Version Tinstall Tcheck Ttotal Status Flags
r-devel-linux-x86_64-debian-clang 1.2.0 3.82 27.76 31.58 OK
r-devel-linux-x86_64-debian-gcc 1.2.0 2.82 21.26 24.08 OK
r-devel-linux-x86_64-fedora-clang 1.2.0 49.05 NOTE
r-devel-linux-x86_64-fedora-gcc 1.2.0 47.20 NOTE
r-devel-windows-x86_64 1.2.0 36.00 54.00 90.00 OK
r-patched-linux-x86_64 1.2.0 3.55 25.68 29.23 OK
r-release-linux-x86_64 1.2.0 3.35 26.18 29.53 OK
r-release-macos-arm64 1.2.0 19.00 OK
r-release-macos-x86_64 1.2.0 25.00 OK
r-release-windows-x86_64 1.2.0 10.00 54.00 64.00 OK
r-oldrel-macos-arm64 1.2.0 22.00 OK
r-oldrel-macos-x86_64 1.2.0 33.00 OK
r-oldrel-windows-ix86+x86_64 1.2.0 10.00 52.00 62.00 OK

Check Details

Version: 1.2.0
Check: compiled code
Result: NOTE
    File ‘BenfordTests/libs/BenfordTests.so’:
     Found no calls to: ‘R_registerRoutines’, ‘R_useDynamicSymbols’
    
    It is good practice to register native routines and to disable symbol
    search.
    
    See ‘Writing portable packages’ in the ‘Writing R Extensions’ manual.
Flavors: r-devel-linux-x86_64-fedora-clang, r-devel-linux-x86_64-fedora-gcc