CRAN Package Check Results for Package BcDiag

Last updated on 2021-05-15 23:49:05 CEST.

Flavor Version Tinstall Tcheck Ttotal Status Flags
r-devel-linux-x86_64-debian-clang 1.0.10 5.19 62.18 67.37 NOTE
r-devel-linux-x86_64-debian-gcc 1.0.10 4.07 48.78 52.85 NOTE
r-devel-linux-x86_64-fedora-clang 1.0.10 90.83 NOTE
r-devel-linux-x86_64-fedora-gcc 1.0.10 83.35 NOTE
r-devel-windows-ix86+x86_64 1.0.10 13.00 69.00 82.00 OK
r-devel-windows-x86_64-gcc10-UCRT 1.0.10 OK
r-patched-linux-x86_64 1.0.10 5.90 61.24 67.14 NOTE
r-patched-solaris-x86 1.0.10 133.60 NOTE
r-release-linux-x86_64 1.0.10 5.40 60.47 65.87 NOTE
r-release-macos-x86_64 1.0.10 OK
r-release-windows-ix86+x86_64 1.0.10 11.00 78.00 89.00 OK
r-oldrel-macos-x86_64 1.0.10 OK
r-oldrel-windows-ix86+x86_64 1.0.10 7.00 82.00 89.00 OK

Check Details

Version: 1.0.10
Check: for non-standard things in the check directory
Result: NOTE
    Found the following files/directories:
     'fabiabreast.txt'
Flavors: r-devel-linux-x86_64-debian-clang, r-devel-linux-x86_64-debian-gcc, r-devel-linux-x86_64-fedora-clang, r-devel-linux-x86_64-fedora-gcc, r-patched-linux-x86_64, r-patched-solaris-x86, r-release-linux-x86_64