Last updated on 2023-01-28 23:51:32 CET.
Flavor | Version | Tinstall | Tcheck | Ttotal | Status | Flags |
---|---|---|---|---|---|---|
r-devel-linux-x86_64-debian-clang | 0.7.5 | 102.52 | 77.90 | 180.42 | OK | |
r-devel-linux-x86_64-debian-gcc | 0.7.5 | 82.98 | 57.46 | 140.44 | NOTE | |
r-devel-linux-x86_64-fedora-clang | 0.7.5 | 281.55 | OK | |||
r-devel-linux-x86_64-fedora-gcc | 0.7.5 | 236.07 | NOTE | |||
r-devel-windows-x86_64 | 0.7.5 | 130.00 | 123.00 | 253.00 | OK | |
r-patched-linux-x86_64 | 0.7.5 | 92.30 | 74.39 | 166.69 | OK | |
r-release-linux-x86_64 | 0.7.5 | 87.69 | 74.50 | 162.19 | OK | |
r-release-macos-arm64 | 0.7.5 | 84.00 | OK | |||
r-release-macos-x86_64 | 0.7.5 | 82.00 | OK | |||
r-release-windows-x86_64 | 0.7.5 | 126.00 | 124.00 | 250.00 | OK | |
r-oldrel-macos-arm64 | 0.7.5 | 83.00 | OK | |||
r-oldrel-macos-x86_64 | 0.7.5 | 95.00 | OK | |||
r-oldrel-windows-ix86+x86_64 | 0.7.5 | 264.00 | 147.00 | 411.00 | OK |
Version: 0.7.5
Check: C++ specification
Result: NOTE
Specified C++11: please update to current default of C++17
Flavors: r-devel-linux-x86_64-debian-gcc, r-devel-linux-x86_64-fedora-gcc