CRAN Package Check Results for Package BayesPostEst

Last updated on 2024-06-23 00:56:27 CEST.

Flavor Version Tinstall Tcheck Ttotal Status Flags
r-devel-linux-x86_64-debian-clang 0.3.2 6.63 247.48 254.11 OK
r-devel-linux-x86_64-debian-gcc 0.3.2 5.03 177.77 182.80 OK
r-devel-linux-x86_64-fedora-clang 0.3.2 316.60 NOTE
r-devel-linux-x86_64-fedora-gcc 0.3.2 309.57 NOTE
r-devel-windows-x86_64 0.3.2 9.00 225.00 234.00 OK
r-patched-linux-x86_64 0.3.2 6.91 227.54 234.45 OK
r-release-linux-x86_64 0.3.2 6.05 240.28 246.33 OK
r-release-macos-arm64 0.3.2 92.00 OK
r-release-macos-x86_64 0.3.2 136.00 OK
r-release-windows-x86_64 0.3.2 9.00 224.00 233.00 OK
r-oldrel-macos-arm64 0.3.2 100.00 OK
r-oldrel-macos-x86_64 0.3.2 160.00 OK
r-oldrel-windows-x86_64 0.3.2 9.00 258.00 267.00 OK

Check Details

Version: 0.3.2
Check: dependencies in R code
Result: NOTE Namespaces in Imports field not imported from: ‘HDInterval’ ‘MCMCpack’ ‘R2WinBUGS’ ‘R2jags’ ‘carData’ ‘rjags’ All declared Imports should be used. Flavors: r-devel-linux-x86_64-fedora-clang, r-devel-linux-x86_64-fedora-gcc