CRAN Package Check Results for Package BayesMultiMode

Last updated on 2024-06-15 00:54:01 CEST.

Flavor Version Tinstall Tcheck Ttotal Status Flags
r-devel-linux-x86_64-debian-clang 0.7.1 14.58 163.04 177.62 OK
r-devel-linux-x86_64-debian-gcc 0.7.1 11.58 118.37 129.95 OK
r-devel-linux-x86_64-fedora-clang 0.7.1 224.81 NOTE
r-devel-linux-x86_64-fedora-gcc 0.7.1 213.63 OK
r-devel-windows-x86_64 0.7.1 14.00 123.00 137.00 NOTE
r-patched-linux-x86_64 0.7.1 17.12 159.13 176.25 OK
r-release-linux-x86_64 0.7.1 12.57 158.89 171.46 OK
r-release-macos-arm64 0.7.1 60.00 NOTE
r-release-macos-x86_64 0.7.1 106.00 NOTE
r-release-windows-x86_64 0.7.1 15.00 132.00 147.00 NOTE
r-oldrel-macos-arm64 0.7.1 60.00 NOTE
r-oldrel-macos-x86_64 0.7.1 134.00 NOTE
r-oldrel-windows-x86_64 0.7.1 19.00 160.00 179.00 NOTE

Check Details

Version: 0.7.1
Check: installed package size
Result: NOTE installed size is 6.3Mb sub-directories of 1Mb or more: help 6.0Mb Flavors: r-devel-linux-x86_64-fedora-clang, r-devel-windows-x86_64, r-release-macos-arm64, r-release-macos-x86_64, r-release-windows-x86_64, r-oldrel-macos-arm64, r-oldrel-macos-x86_64, r-oldrel-windows-x86_64