CRAN Package Check Results for Package BayesLN

Last updated on 2021-08-03 23:51:58 CEST.

Flavor Version Tinstall Tcheck Ttotal Status Flags
r-devel-linux-x86_64-debian-clang 0.2.2 53.05 87.71 140.76 OK
r-devel-linux-x86_64-debian-gcc 0.2.2 39.23 67.84 107.07 OK
r-devel-linux-x86_64-fedora-clang 0.2.2 188.54 NOTE
r-devel-linux-x86_64-fedora-gcc 0.2.2 174.53 OK
r-devel-windows-x86_64 0.2.2 40.00 113.00 153.00 OK
r-devel-windows-x86_64-gcc10-UCRT 0.2.2 OK
r-patched-linux-x86_64 0.2.2 46.11 85.42 131.53 OK
r-patched-solaris-x86 0.2.2 205.80 OK
r-release-linux-x86_64 0.2.2 43.16 85.37 128.53 OK
r-release-macos-arm64 0.2.2 NOTE
r-release-macos-x86_64 0.2.2 NOTE
r-release-windows-ix86+x86_64 0.2.2 109.00 146.00 255.00 OK
r-oldrel-macos-x86_64 0.2.2 NOTE
r-oldrel-windows-ix86+x86_64 0.2.2 81.00 155.00 236.00 OK

Check Details

Version: 0.2.2
Check: installed package size
Result: NOTE
     installed size is 10.2Mb
     sub-directories of 1Mb or more:
     libs 9.8Mb
Flavors: r-devel-linux-x86_64-fedora-clang, r-release-macos-arm64, r-release-macos-x86_64, r-oldrel-macos-x86_64