CRAN Package Check Results for Package BayesFactor

Last updated on 2021-09-18 23:49:46 CEST.

Flavor Version Tinstall Tcheck Ttotal Status Flags
r-devel-linux-x86_64-debian-clang 0.9.12-4.2 285.15 284.29 569.44 OK
r-devel-linux-x86_64-debian-gcc 0.9.12-4.2 184.60 211.13 395.73 OK
r-devel-linux-x86_64-fedora-clang 0.9.12-4.2 772.27 NOTE
r-devel-linux-x86_64-fedora-gcc 0.9.12-4.2 735.67 OK
r-devel-windows-x86_64 0.9.12-4.2 235.00 260.00 495.00 NOTE
r-devel-windows-x86_64-gcc10-UCRT 0.9.12-4.2 NOTE
r-patched-linux-x86_64 0.9.12-4.2 225.01 273.46 498.47 OK
r-patched-solaris-x86 0.9.12-4.2 787.50 NOTE
r-release-linux-x86_64 0.9.12-4.2 219.41 278.67 498.08 OK
r-release-macos-arm64 0.9.12-4.2 NOTE
r-release-macos-x86_64 0.9.12-4.2 NOTE
r-release-windows-ix86+x86_64 0.9.12-4.2 629.00 399.00 1028.00 NOTE
r-oldrel-macos-x86_64 0.9.12-4.2 NOTE
r-oldrel-windows-ix86+x86_64 0.9.12-4.2 600.00 404.00 1004.00 NOTE

Check Details

Version: 0.9.12-4.2
Check: installed package size
Result: NOTE
     installed size is 20.8Mb
     sub-directories of 1Mb or more:
     doc 5.4Mb
     libs 14.2Mb
Flavors: r-devel-linux-x86_64-fedora-clang, r-devel-windows-x86_64, r-patched-solaris-x86, r-release-macos-arm64, r-release-macos-x86_64, r-release-windows-ix86+x86_64, r-oldrel-macos-x86_64, r-oldrel-windows-ix86+x86_64

Version: 0.9.12-4.2
Check: package dependencies
Result: NOTE
    Package suggested but not available for checking: 'doMC'
Flavors: r-devel-windows-x86_64, r-devel-windows-x86_64-gcc10-UCRT, r-release-windows-ix86+x86_64, r-oldrel-windows-ix86+x86_64