CRAN Package Check Results for Package BayesDLMfMRI

Last updated on 2024-06-14 00:53:35 CEST.

Flavor Version Tinstall Tcheck Ttotal Status Flags
r-devel-linux-x86_64-debian-clang 0.0.3 199.04 63.49 262.53 NOTE
r-devel-linux-x86_64-debian-gcc 0.0.3 120.35 46.01 166.36 ERROR
r-devel-linux-x86_64-fedora-clang 0.0.3 362.46 NOTE
r-devel-linux-x86_64-fedora-gcc 0.0.3 377.64 NOTE
r-devel-windows-x86_64 0.0.3 137.00 91.00 228.00 NOTE
r-patched-linux-x86_64 0.0.3 149.16 61.87 211.03 NOTE
r-release-linux-x86_64 0.0.3 157.40 60.93 218.33 NOTE
r-release-macos-arm64 0.0.3 80.00 NOTE
r-release-macos-x86_64 0.0.3 102.00 NOTE
r-release-windows-x86_64 0.0.3 135.00 97.00 232.00 NOTE
r-oldrel-macos-arm64 0.0.3 116.00 NOTE
r-oldrel-macos-x86_64 0.0.3 105.00 NOTE
r-oldrel-windows-x86_64 0.0.3 166.00 111.00 277.00 OK

Check Details

Version: 0.0.3
Check: Rd files
Result: NOTE checkRd: (-1) GroupSingleVoxelFETS.Rd:53: Lost braces 53 | online trajectories related to the state parameter, the simulated BOLD responses, \mjseqn{\hat{Y}}{ascii}. | ^ Flavors: r-devel-linux-x86_64-debian-clang, r-devel-linux-x86_64-debian-gcc, r-devel-linux-x86_64-fedora-clang, r-devel-linux-x86_64-fedora-gcc, r-devel-windows-x86_64, r-patched-linux-x86_64, r-release-linux-x86_64, r-release-macos-arm64, r-release-macos-x86_64, r-release-windows-x86_64

Version: 0.0.3
Check: package dependencies
Result: NOTE Package suggested but not available for checking: ‘testthat’ Flavor: r-devel-linux-x86_64-debian-gcc

Version: 0.0.3
Check: tests
Result: ERROR Running ‘testthat.R’ [0s/1s] Running the tests in ‘tests/testthat.R’ failed. Complete output: > library(testthat) Error in library(testthat) : there is no package called 'testthat' Execution halted Flavor: r-devel-linux-x86_64-debian-gcc

Version: 0.0.3
Check: installed package size
Result: NOTE installed size is 7.8Mb sub-directories of 1Mb or more: data 1.2Mb libs 6.2Mb Flavors: r-release-macos-arm64, r-release-macos-x86_64, r-oldrel-macos-arm64, r-oldrel-macos-x86_64