Last updated on 2023-06-10 00:54:39 CEST.
Flavor | Version | Tinstall | Tcheck | Ttotal | Status | Flags |
---|---|---|---|---|---|---|
r-devel-linux-x86_64-debian-clang | 0.0.17 | 11.27 | 280.60 | 291.87 | OK | |
r-devel-linux-x86_64-debian-gcc | 0.0.17 | 8.59 | 211.61 | 220.20 | OK | |
r-devel-linux-x86_64-fedora-clang | 0.0.17 | 360.33 | OK | |||
r-devel-linux-x86_64-fedora-gcc | 0.0.17 | 370.90 | OK | |||
r-devel-windows-x86_64 | 0.0.17 | 10.00 | 225.00 | 235.00 | OK | |
r-patched-linux-x86_64 | 0.0.17 | 12.80 | 273.04 | 285.84 | OK | |
r-release-linux-x86_64 | 0.0.17 | 8.95 | 262.78 | 271.73 | OK | |
r-release-macos-arm64 | 0.0.17 | 54.00 | NOTE | |||
r-release-macos-x86_64 | 0.0.17 | 88.00 | NOTE | |||
r-release-windows-x86_64 | 0.0.17 | 13.00 | 270.00 | 283.00 | OK | |
r-oldrel-macos-arm64 | 0.0.17 | 38.00 | NOTE | |||
r-oldrel-macos-x86_64 | 0.0.17 | 138.00 | OK | |||
r-oldrel-windows-x86_64 | 0.0.17 | 14.00 | 260.00 | 274.00 | OK |
Version: 0.0.17
Check: package dependencies
Result: NOTE
Package suggested but not available for checking: ‘reactome.db’
Flavors: r-release-macos-arm64, r-release-macos-x86_64
Version: 0.0.17
Check: package dependencies
Result: NOTE
Packages suggested but not available for checking:
'Biobase', 'GO.db', 'GSEABase', 'org.Hs.eg.db', 'reactome.db'
Flavor: r-oldrel-macos-arm64