CRAN Package Check Results for Package BSPBSS

Last updated on 2024-06-24 23:57:18 CEST.

Flavor Version Tinstall Tcheck Ttotal Status Flags
r-devel-linux-x86_64-debian-clang 1.0.5 48.93 166.24 215.17 NOTE
r-devel-linux-x86_64-debian-gcc 1.0.5 34.29 125.25 159.54 NOTE
r-devel-linux-x86_64-fedora-clang 1.0.5 284.65 NOTE
r-devel-linux-x86_64-fedora-gcc 1.0.5 311.44 NOTE
r-devel-windows-x86_64 1.0.5 42.00 144.00 186.00 NOTE
r-patched-linux-x86_64 1.0.5 44.66 163.38 208.04 NOTE
r-release-linux-x86_64 1.0.5 40.26 164.50 204.76 NOTE
r-release-macos-arm64 1.0.5 87.00 NOTE
r-release-macos-x86_64 1.0.5 137.00 NOTE
r-release-windows-x86_64 1.0.5 43.00 145.00 188.00 NOTE
r-oldrel-macos-arm64 1.0.5 91.00 NOTE
r-oldrel-macos-x86_64 1.0.5 141.00 NOTE
r-oldrel-windows-x86_64 1.0.5 53.00 175.00 228.00 NOTE

Check Details

Version: 1.0.5
Check: C++ specification
Result: NOTE Specified C++11: please drop specification unless essential Flavors: r-devel-linux-x86_64-debian-clang, r-devel-linux-x86_64-debian-gcc, r-devel-linux-x86_64-fedora-clang, r-devel-linux-x86_64-fedora-gcc, r-devel-windows-x86_64, r-patched-linux-x86_64, r-release-linux-x86_64, r-release-macos-arm64, r-release-macos-x86_64, r-release-windows-x86_64, r-oldrel-macos-arm64, r-oldrel-macos-x86_64, r-oldrel-windows-x86_64

Version: 1.0.5
Check: for GNU extensions in Makefiles
Result: NOTE GNU make is a SystemRequirements. Flavors: r-devel-linux-x86_64-debian-clang, r-devel-linux-x86_64-debian-gcc, r-devel-linux-x86_64-fedora-clang, r-devel-linux-x86_64-fedora-gcc, r-devel-windows-x86_64, r-patched-linux-x86_64, r-release-linux-x86_64, r-release-macos-arm64, r-release-macos-x86_64, r-release-windows-x86_64, r-oldrel-macos-arm64, r-oldrel-macos-x86_64, r-oldrel-windows-x86_64