CRAN Package Check Results for Package BGmisc

Last updated on 2021-10-24 23:51:41 CEST.

Flavor Version Tinstall Tcheck Ttotal Status Flags
r-devel-linux-x86_64-debian-clang 0.1 2.97 22.97 25.94 NOTE
r-devel-linux-x86_64-debian-gcc 0.1 2.66 18.27 20.93 NOTE
r-devel-linux-x86_64-fedora-clang 0.1 43.32 NOTE
r-devel-linux-x86_64-fedora-gcc 0.1 32.73 NOTE
r-devel-windows-x86_64 0.1 6.00 33.00 39.00 NOTE
r-devel-windows-x86_64-gcc10-UCRT 0.1 NOTE
r-patched-linux-x86_64 0.1 3.42 22.83 26.25 NOTE
r-patched-solaris-x86 0.1 52.00 NOTE
r-release-linux-x86_64 0.1 3.79 22.46 26.25 NOTE
r-release-macos-arm64 0.1 NOTE
r-release-macos-x86_64 0.1 NOTE
r-release-windows-ix86+x86_64 0.1 5.00 38.00 43.00 NOTE
r-oldrel-macos-x86_64 0.1 OK
r-oldrel-windows-ix86+x86_64 0.1 7.00 44.00 51.00 OK

Check Details

Version: 0.1
Check: LazyData
Result: NOTE
     'LazyData' is specified without a 'data' directory
Flavors: r-devel-linux-x86_64-debian-clang, r-devel-linux-x86_64-debian-gcc, r-devel-linux-x86_64-fedora-clang, r-devel-linux-x86_64-fedora-gcc, r-devel-windows-x86_64, r-devel-windows-x86_64-gcc10-UCRT, r-patched-linux-x86_64, r-patched-solaris-x86, r-release-linux-x86_64, r-release-macos-arm64, r-release-macos-x86_64, r-release-windows-ix86+x86_64