CRAN Package Check Results for Package BETS

Last updated on 2021-06-22 23:50:25 CEST.

Flavor Version Tinstall Tcheck Ttotal Status Flags
r-devel-linux-x86_64-debian-clang 0.4.9 17.76 129.85 147.61 NOTE
r-devel-linux-x86_64-debian-gcc 0.4.9 13.61 96.95 110.56 NOTE
r-devel-linux-x86_64-fedora-clang 0.4.9 181.51 NOTE
r-devel-linux-x86_64-fedora-gcc 0.4.9 135.91 NOTE
r-devel-windows-x86_64 0.4.9 28.00 156.00 184.00 NOTE
r-devel-windows-x86_64-gcc10-UCRT 0.4.9 ERROR
r-patched-linux-x86_64 0.4.9 18.65 121.27 139.92 NOTE
r-patched-solaris-x86 0.4.9 5.50 ERROR
r-release-linux-x86_64 0.4.9 13.67 121.67 135.34 NOTE
r-release-macos-arm64 0.4.9 NOTE
r-release-macos-x86_64 0.4.9 NOTE
r-release-windows-ix86+x86_64 0.4.9 28.00 117.00 145.00 NOTE
r-oldrel-macos-x86_64 0.4.9 OK

Check Details

Version: 0.4.9
Check: LazyData
Result: NOTE
     'LazyData' is specified without a 'data' directory
Flavors: r-devel-linux-x86_64-debian-clang, r-devel-linux-x86_64-debian-gcc, r-devel-linux-x86_64-fedora-clang, r-devel-linux-x86_64-fedora-gcc, r-devel-windows-x86_64, r-patched-linux-x86_64, r-release-linux-x86_64, r-release-macos-arm64, r-release-macos-x86_64, r-release-windows-ix86+x86_64

Version: 0.4.9
Check: package dependencies
Result: NOTE
    Imports includes 27 non-default packages.
    Importing from so many packages makes the package vulnerable to any of
    them becoming unavailable. Move as many as possible to Suggests and
    use conditionally.
Flavor: r-devel-linux-x86_64-fedora-clang

Version: 0.4.9
Check: package dependencies
Result: ERROR
    Packages required but not available: 'plotly', 'forecast', 'rvest', 'httr'
    
    Package suggested but not available for checking: 'devtools'
    
    See section 'The DESCRIPTION file' in the 'Writing R Extensions'
    manual.
Flavor: r-devel-windows-x86_64-gcc10-UCRT

Version: 0.4.9
Check: package dependencies
Result: ERROR
    Package required but not available: ‘seasonal’
    
    See section ‘The DESCRIPTION file’ in the ‘Writing R Extensions’
    manual.
Flavor: r-patched-solaris-x86