CRAN Package Check Results for Package BET

Last updated on 2023-02-06 23:55:38 CET.

Flavor Version Tinstall Tcheck Ttotal Status Flags
r-devel-linux-x86_64-debian-clang 0.5.0 28.10 32.37 60.47 NOTE
r-devel-linux-x86_64-debian-gcc 0.5.0 23.22 24.08 47.30 NOTE
r-devel-linux-x86_64-fedora-clang 0.5.0 86.22 NOTE
r-devel-linux-x86_64-fedora-gcc 0.5.0 84.35 NOTE
r-devel-windows-x86_64 0.5.0 43.00 82.00 125.00 NOTE
r-patched-linux-x86_64 0.5.0 27.44 30.99 58.43 OK
r-release-linux-x86_64 0.5.0 25.29 31.09 56.38 OK
r-release-macos-arm64 0.5.0 29.00 OK
r-release-macos-x86_64 0.5.0 38.00 OK
r-release-windows-x86_64 0.5.0 33.00 88.00 121.00 OK
r-oldrel-macos-arm64 0.5.0 28.00 OK
r-oldrel-macos-x86_64 0.5.0 41.00 OK
r-oldrel-windows-ix86+x86_64 0.5.0 68.00 83.00 151.00 OK

Check Details

Version: 0.5.0
Check: C++ specification
Result: NOTE
     Specified C++11: please update to current default of C++17
Flavors: r-devel-linux-x86_64-debian-clang, r-devel-linux-x86_64-debian-gcc, r-devel-linux-x86_64-fedora-clang, r-devel-linux-x86_64-fedora-gcc, r-devel-windows-x86_64