CRAN Package Check Results for Package BESTree

Last updated on 2025-01-17 00:49:01 CET.

Flavor Version Tinstall Tcheck Ttotal Status Flags
r-devel-linux-x86_64-debian-clang 0.5.2 2.61 66.42 69.03 OK
r-devel-linux-x86_64-debian-gcc 0.5.2 2.14 39.94 42.08 OK
r-devel-linux-x86_64-fedora-clang 0.5.2 118.14 NOTE
r-devel-linux-x86_64-fedora-gcc 0.5.2 122.59 NOTE
r-devel-windows-x86_64 0.5.2 4.00 75.00 79.00 OK
r-patched-linux-x86_64 0.5.2 2.55 62.88 65.43 OK
r-release-linux-x86_64 0.5.2 2.45 62.14 64.59 OK
r-release-macos-arm64 0.5.2 34.00 OK
r-release-macos-x86_64 0.5.2 84.00 OK
r-release-windows-x86_64 0.5.2 5.00 76.00 81.00 OK
r-oldrel-macos-arm64 0.5.2 42.00 OK
r-oldrel-macos-x86_64 0.5.2 59.00 OK
r-oldrel-windows-x86_64 0.5.2 5.00 87.00 92.00 OK

Check Details

Version: 0.5.2
Check: dependencies in R code
Result: NOTE Namespace in Imports field not imported from: ‘compiler’ All declared Imports should be used. Flavors: r-devel-linux-x86_64-fedora-clang, r-devel-linux-x86_64-fedora-gcc