CRAN Package Check Results for Package BCSub

Last updated on 2022-01-21 23:48:40 CET.

Flavor Version Tinstall Tcheck Ttotal Status Flags
r-devel-linux-x86_64-debian-clang 0.5 30.95 74.09 105.04 NOTE
r-devel-linux-x86_64-debian-gcc 0.5 28.79 56.89 85.68 NOTE
r-devel-linux-x86_64-fedora-clang 0.5 149.51 NOTE
r-devel-linux-x86_64-fedora-gcc 0.5 133.42 NOTE
r-devel-windows-x86_64-new-UL 0.5 43.00 132.00 175.00 NOTE
r-devel-windows-x86_64-new-TK 0.5 NOTE
r-patched-linux-x86_64 0.5 33.15 49.87 83.02 NOTE
r-release-linux-x86_64 0.5 35.81 49.39 85.20 NOTE
r-release-macos-arm64 0.5 NOTE
r-release-macos-x86_64 0.5 NOTE
r-release-windows-ix86+x86_64 0.5 90.00 103.00 193.00 NOTE
r-oldrel-macos-x86_64 0.5 OK
r-oldrel-windows-ix86+x86_64 0.5 90.00 111.00 201.00 OK

Check Details

Version: 0.5
Check: LazyData
Result: NOTE
     'LazyData' is specified without a 'data' directory
Flavors: r-devel-linux-x86_64-debian-clang, r-devel-linux-x86_64-debian-gcc, r-devel-linux-x86_64-fedora-clang, r-devel-linux-x86_64-fedora-gcc, r-devel-windows-x86_64-new-UL, r-devel-windows-x86_64-new-TK, r-patched-linux-x86_64, r-release-linux-x86_64, r-release-macos-arm64, r-release-macos-x86_64, r-release-windows-ix86+x86_64