CRAN Package Check Results for Package BCC1997

Last updated on 2022-07-05 23:55:35 CEST.

Flavor Version Tinstall Tcheck Ttotal Status Flags
r-devel-linux-x86_64-debian-clang 0.1.1 2.18 22.09 24.27 NOTE
r-devel-linux-x86_64-debian-gcc 0.1.1 1.81 16.83 18.64 NOTE
r-devel-linux-x86_64-fedora-clang 0.1.1 40.33 NOTE
r-devel-linux-x86_64-fedora-gcc 0.1.1 39.00 NOTE
r-devel-windows-x86_64 0.1.1 9.00 46.00 55.00 NOTE
r-patched-linux-x86_64 0.1.1 1.87 21.41 23.28 NOTE
r-release-linux-x86_64 0.1.1 2.17 21.02 23.19 NOTE
r-release-macos-arm64 0.1.1 15.00 NOTE
r-release-macos-x86_64 0.1.1 21.00 NOTE
r-release-windows-x86_64 0.1.1 4.00 43.00 47.00 NOTE
r-oldrel-macos-arm64 0.1.1 21.00 NOTE
r-oldrel-macos-x86_64 0.1.1 27.00 NOTE
r-oldrel-windows-ix86+x86_64 0.1.1 4.00 36.00 40.00 NOTE

Check Details

Version: 0.1.1
Check: LazyData
Result: NOTE
     'LazyData' is specified without a 'data' directory
Flavors: r-devel-linux-x86_64-debian-clang, r-devel-linux-x86_64-debian-gcc, r-devel-linux-x86_64-fedora-clang, r-devel-linux-x86_64-fedora-gcc, r-devel-windows-x86_64, r-patched-linux-x86_64, r-release-linux-x86_64, r-release-macos-arm64, r-release-macos-x86_64, r-release-windows-x86_64, r-oldrel-macos-arm64, r-oldrel-macos-x86_64, r-oldrel-windows-ix86+x86_64