CRAN Package Check Results for Package BBmisc

Last updated on 2021-07-28 23:50:50 CEST.

Flavor Version Tinstall Tcheck Ttotal Status Flags
r-devel-linux-x86_64-debian-clang 1.11 NOTE
r-devel-linux-x86_64-debian-gcc 1.11 4.75 37.74 42.49 NOTE
r-devel-linux-x86_64-fedora-clang 1.11 75.54 NOTE
r-devel-linux-x86_64-fedora-gcc 1.11 61.74 NOTE
r-devel-windows-x86_64 1.11 9.00 64.00 73.00 NOTE
r-devel-windows-x86_64-gcc10-UCRT 1.11 NOTE
r-patched-linux-x86_64 1.11 8.05 45.46 53.51 NOTE
r-patched-solaris-x86 1.11 95.70 NOTE
r-release-linux-x86_64 1.11 4.82 45.48 50.30 NOTE
r-release-macos-arm64 1.11 NOTE
r-release-macos-x86_64 1.11 NOTE
r-release-windows-ix86+x86_64 1.11 15.00 70.00 85.00 NOTE
r-oldrel-macos-x86_64 1.11 OK
r-oldrel-windows-ix86+x86_64 1.11 13.00 92.00 105.00 OK

Additional issues

rchk

Check Details

Version: 1.11
Check: LazyData
Result: NOTE
     'LazyData' is specified without a 'data' directory
Flavors: r-devel-linux-x86_64-debian-clang, r-devel-linux-x86_64-debian-gcc, r-devel-linux-x86_64-fedora-clang, r-devel-linux-x86_64-fedora-gcc, r-devel-windows-x86_64, r-devel-windows-x86_64-gcc10-UCRT, r-patched-linux-x86_64, r-patched-solaris-x86, r-release-linux-x86_64, r-release-macos-arm64, r-release-macos-x86_64, r-release-windows-ix86+x86_64