CRAN Package Check Results for Package BASiNET

Last updated on 2022-01-25 23:50:18 CET.

Flavor Version Tinstall Tcheck Ttotal Status Flags
r-devel-linux-x86_64-debian-clang 0.0.4 21.52 235.85 257.37 NOTE
r-devel-linux-x86_64-debian-gcc 0.0.4 19.72 193.79 213.51 NOTE
r-devel-linux-x86_64-fedora-clang 0.0.4 278.59 NOTE
r-devel-linux-x86_64-fedora-gcc 0.0.4 306.50 NOTE
r-devel-windows-x86_64-new-UL 0.0.4 35.00 211.00 246.00 NOTE
r-devel-windows-x86_64-new-TK 0.0.4 NOTE
r-patched-linux-x86_64 0.0.4 18.86 215.75 234.61 NOTE
r-release-linux-x86_64 0.0.4 17.72 214.37 232.09 NOTE
r-release-macos-arm64 0.0.4 NOTE
r-release-macos-x86_64 0.0.4 NOTE
r-release-windows-ix86+x86_64 0.0.4 43.00 207.00 250.00 NOTE
r-oldrel-macos-x86_64 0.0.4 OK
r-oldrel-windows-ix86+x86_64 0.0.4 40.00 201.00 241.00 OK

Check Details

Version: 0.0.4
Check: LazyData
Result: NOTE
     'LazyData' is specified without a 'data' directory
Flavors: r-devel-linux-x86_64-debian-clang, r-devel-linux-x86_64-debian-gcc, r-devel-linux-x86_64-fedora-clang, r-devel-linux-x86_64-fedora-gcc, r-devel-windows-x86_64-new-UL, r-devel-windows-x86_64-new-TK, r-patched-linux-x86_64, r-release-linux-x86_64, r-release-macos-arm64, r-release-macos-x86_64, r-release-windows-ix86+x86_64