Last updated on 2023-02-06 23:55:35 CET.
Flavor | Version | Tinstall | Tcheck | Ttotal | Status | Flags |
---|---|---|---|---|---|---|
r-devel-linux-x86_64-debian-clang | 0.1.2 | 24.13 | 43.44 | 67.57 | NOTE | |
r-devel-linux-x86_64-debian-gcc | 0.1.2 | 16.48 | 33.52 | 50.00 | NOTE | |
r-devel-linux-x86_64-fedora-clang | 0.1.2 | 96.45 | NOTE | |||
r-devel-linux-x86_64-fedora-gcc | 0.1.2 | 108.88 | NOTE | |||
r-devel-windows-x86_64 | 0.1.2 | 37.00 | 91.00 | 128.00 | NOTE | |
r-patched-linux-x86_64 | 0.1.2 | 19.22 | 42.87 | 62.09 | NOTE | |
r-release-linux-x86_64 | 0.1.2 | 20.46 | 42.71 | 63.17 | NOTE | |
r-release-macos-arm64 | 0.1.2 | 29.00 | NOTE | |||
r-release-macos-x86_64 | 0.1.2 | 47.00 | NOTE | |||
r-release-windows-x86_64 | 0.1.2 | 42.00 | 102.00 | 144.00 | NOTE | |
r-oldrel-macos-arm64 | 0.1.2 | 40.00 | NOTE | |||
r-oldrel-macos-x86_64 | 0.1.2 | 68.00 | NOTE | |||
r-oldrel-windows-ix86+x86_64 | 0.1.2 | 55.00 | 124.00 | 179.00 | NOTE |
Version: 0.1.2
Check: C++ specification
Result: NOTE
Specified C++11: please update to current default of C++17
Flavors: r-devel-linux-x86_64-debian-clang, r-devel-linux-x86_64-debian-gcc, r-devel-linux-x86_64-fedora-clang, r-devel-linux-x86_64-fedora-gcc, r-devel-windows-x86_64
Version: 0.1.2
Check: LazyData
Result: NOTE
'LazyData' is specified without a 'data' directory
Flavors: r-devel-linux-x86_64-debian-clang, r-devel-linux-x86_64-debian-gcc, r-devel-linux-x86_64-fedora-clang, r-devel-linux-x86_64-fedora-gcc, r-devel-windows-x86_64, r-patched-linux-x86_64, r-release-linux-x86_64, r-release-macos-arm64, r-release-macos-x86_64, r-release-windows-x86_64, r-oldrel-macos-arm64, r-oldrel-macos-x86_64, r-oldrel-windows-ix86+x86_64
Version: 0.1.2
Check: package dependencies
Result: NOTE
Package suggested but not available for checking: ‘Biostrings’
Flavor: r-release-macos-arm64
Version: 0.1.2
Check: Rd cross-references
Result: NOTE
Package unavailable to check Rd xrefs: ‘Biostrings’
Flavor: r-release-macos-arm64