CRAN Package Check Results for Package AeroSampleR

Last updated on 2023-06-07 01:03:18 CEST.

Flavor Version Tinstall Tcheck Ttotal Status Flags
r-devel-linux-x86_64-debian-clang 0.2.0 2.86 39.19 42.05 OK
r-devel-linux-x86_64-debian-gcc 0.2.0 2.48 30.15 32.63 OK
r-devel-linux-x86_64-fedora-clang 0.2.0 53.87 NOTE
r-devel-linux-x86_64-fedora-gcc 0.2.0 63.23 NOTE
r-devel-windows-x86_64 0.2.0 4.00 55.00 59.00 OK
r-patched-linux-x86_64 0.2.0 2.38 37.80 40.18 OK
r-release-linux-x86_64 0.2.0 2.04 37.12 39.16 OK
r-release-macos-arm64 0.2.0 28.00 OK
r-release-macos-x86_64 0.2.0 44.00 OK
r-release-windows-x86_64 0.2.0 5.00 56.00 61.00 OK
r-oldrel-macos-arm64 0.2.0 25.00 OK
r-oldrel-macos-x86_64 0.2.0 31.00 OK
r-oldrel-windows-x86_64 0.2.0 6.00 59.00 65.00 OK

Check Details

Version: 0.2.0
Check: dependencies in R code
Result: NOTE
    Namespace in Imports field not imported from: ‘flextable’
     All declared Imports should be used.
Flavors: r-devel-linux-x86_64-fedora-clang, r-devel-linux-x86_64-fedora-gcc