CRAN Package Check Results for Package AdhereR

Last updated on 2024-06-14 00:53:34 CEST.

Flavor Version Tinstall Tcheck Ttotal Status Flags
r-devel-linux-x86_64-debian-clang 0.8.1 20.81 137.47 158.28 NOTE
r-devel-linux-x86_64-debian-gcc 0.8.1 0.92 2.06 2.98 ERROR
r-devel-linux-x86_64-fedora-clang 0.8.1 211.68 NOTE
r-devel-linux-x86_64-fedora-gcc 0.8.1 198.21 NOTE
r-devel-windows-x86_64 0.8.1 18.00 112.00 130.00 NOTE
r-patched-linux-x86_64 0.8.1 23.54 130.69 154.23 NOTE
r-release-linux-x86_64 0.8.1 23.36 133.93 157.29 NOTE
r-release-macos-arm64 0.8.1 60.00 NOTE
r-release-macos-x86_64 0.8.1 125.00 NOTE
r-release-windows-x86_64 0.8.1 18.00 122.00 140.00 NOTE
r-oldrel-macos-arm64 0.8.1 61.00 NOTE
r-oldrel-macos-x86_64 0.8.1 98.00 NOTE
r-oldrel-windows-x86_64 0.8.1 25.00 137.00 162.00 NOTE

Check Details

Version: 0.8.1
Check: Rd files
Result: NOTE checkRd: (-1) med.groups.Rd:20: Lost braces; missing escapes or markup? 20 | medication groups using the construction \emph{"{NAME}"}. | ^ checkRd: (-1) med.groups.Rd:26: Lost braces; missing escapes or markup? 26 | Another example is "NotVita" defined as "(!{Vitamines})", which selects all | ^ Flavors: r-devel-linux-x86_64-debian-clang, r-devel-linux-x86_64-fedora-clang, r-devel-linux-x86_64-fedora-gcc, r-devel-windows-x86_64, r-patched-linux-x86_64, r-release-linux-x86_64, r-release-macos-arm64, r-release-macos-x86_64, r-release-windows-x86_64

Version: 0.8.1
Check: package dependencies
Result: ERROR Package required but not available: ‘lubridate’ Package suggested but not available for checking: ‘AdhereRViz’ See section ‘The DESCRIPTION file’ in the ‘Writing R Extensions’ manual. Flavor: r-devel-linux-x86_64-debian-gcc

Version: 0.8.1
Check: installed package size
Result: NOTE installed size is 6.2Mb sub-directories of 1Mb or more: doc 3.7Mb Flavors: r-devel-linux-x86_64-fedora-clang, r-devel-windows-x86_64, r-release-macos-arm64, r-release-macos-x86_64, r-release-windows-x86_64, r-oldrel-macos-arm64, r-oldrel-macos-x86_64, r-oldrel-windows-x86_64