CRAN Package Check Results for Package ATE

Last updated on 2022-01-20 23:52:07 CET.

Flavor Version Tinstall Tcheck Ttotal Status Flags
r-devel-linux-x86_64-debian-clang 0.2.0 NOTE
r-devel-linux-x86_64-debian-gcc 0.2.0 2.48 30.43 32.91 NOTE
r-devel-linux-x86_64-fedora-clang 0.2.0 52.93 NOTE
r-devel-linux-x86_64-fedora-gcc 0.2.0 44.15 NOTE
r-devel-windows-x86_64-new-UL 0.2.0 19.00 53.00 72.00 NOTE
r-devel-windows-x86_64-new-TK 0.2.0 NOTE
r-patched-linux-x86_64 0.2.0 2.73 38.18 40.91 NOTE
r-release-linux-x86_64 0.2.0 2.64 38.08 40.72 NOTE
r-release-macos-arm64 0.2.0 NOTE
r-release-macos-x86_64 0.2.0 NOTE
r-release-windows-ix86+x86_64 0.2.0 6.00 44.00 50.00 NOTE
r-oldrel-macos-x86_64 0.2.0 NOTE
r-oldrel-windows-ix86+x86_64 0.2.0 6.00 43.00 49.00 NOTE

Check Details

Version: 0.2.0
Check: R code for possible problems
Result: NOTE
    get.est.ATT: no visible global function definition for 'tail'
    get.est.MT: no visible global function definition for 'tail'
    get.est.simple: no visible global function definition for 'tail'
    newton.r: no visible global function definition for 'tail'
    plot.ATE: no visible global function definition for 'par'
    plot.ATE: no visible global function definition for 'axis'
    plot.ATE: no visible global function definition for 'abline'
    plot.ATE: no visible global function definition for 'lines'
    plot.ATE: no visible global function definition for 'legend'
    plot.ATE: no visible global function definition for 'points'
    print.summary.ATE: no visible global function definition for
     'printCoefmat'
    summary.ATE: no visible global function definition for 'qnorm'
    summary.ATE: no visible global function definition for 'pnorm'
    Undefined global functions or variables:
     abline axis legend lines par pnorm points printCoefmat qnorm tail
    Consider adding
     importFrom("graphics", "abline", "axis", "legend", "lines", "par",
     "points")
     importFrom("stats", "pnorm", "printCoefmat", "qnorm")
     importFrom("utils", "tail")
    to your NAMESPACE file.
Flavors: r-devel-linux-x86_64-debian-clang, r-devel-linux-x86_64-debian-gcc, r-devel-linux-x86_64-fedora-clang, r-devel-linux-x86_64-fedora-gcc, r-devel-windows-x86_64-new-UL, r-devel-windows-x86_64-new-TK, r-patched-linux-x86_64, r-release-linux-x86_64, r-release-macos-arm64, r-release-macos-x86_64, r-release-windows-ix86+x86_64, r-oldrel-macos-x86_64, r-oldrel-windows-ix86+x86_64