CRAN Package Check Results for Package ASV

Last updated on 2023-02-06 23:55:37 CET.

Flavor Version Tinstall Tcheck Ttotal Status Flags
r-devel-linux-x86_64-debian-clang 1.1.1 52.57 52.21 104.78 NOTE
r-devel-linux-x86_64-debian-gcc 1.1.1 45.37 38.79 84.16 NOTE
r-devel-linux-x86_64-fedora-clang 1.1.1 143.35 NOTE
r-devel-linux-x86_64-fedora-gcc 1.1.1 138.93 NOTE
r-devel-windows-x86_64 1.1.1 49.00 109.00 158.00 NOTE
r-patched-linux-x86_64 1.1.1 50.31 51.60 101.91 OK
r-release-linux-x86_64 1.1.1 48.45 51.62 100.07 OK
r-release-macos-arm64 1.1.1 39.00 NOTE
r-release-macos-x86_64 1.1.1 52.00 NOTE
r-release-windows-x86_64 1.1.1 46.00 118.00 164.00 OK
r-oldrel-macos-arm64 1.1.1 37.00 NOTE
r-oldrel-macos-x86_64 1.1.1 53.00 NOTE
r-oldrel-windows-ix86+x86_64 1.1.1 122.00 144.00 266.00 OK

Check Details

Version: 1.1.1
Check: C++ specification
Result: NOTE
     Specified C++11: please update to current default of C++17
Flavors: r-devel-linux-x86_64-debian-clang, r-devel-linux-x86_64-debian-gcc, r-devel-linux-x86_64-fedora-clang, r-devel-linux-x86_64-fedora-gcc, r-devel-windows-x86_64

Version: 1.1.1
Check: installed package size
Result: NOTE
     installed size is 6.5Mb
     sub-directories of 1Mb or more:
     libs 6.3Mb
Flavors: r-release-macos-arm64, r-release-macos-x86_64, r-oldrel-macos-arm64, r-oldrel-macos-x86_64