CRAN Package Check Results for Package ASIP

Last updated on 2021-09-24 23:53:41 CEST.

Flavor Version Tinstall Tcheck Ttotal Status Flags
r-devel-linux-x86_64-debian-clang 0.4.9 14.42 126.89 141.31 NOTE
r-devel-linux-x86_64-debian-gcc 0.4.9 14.09 98.17 112.26 NOTE
r-devel-linux-x86_64-fedora-clang 0.4.9 180.22 NOTE
r-devel-linux-x86_64-fedora-gcc 0.4.9 167.21 NOTE
r-devel-windows-x86_64 0.4.9 16.00 108.00 124.00 NOTE
r-devel-windows-x86_64-gcc10-UCRT 0.4.9 NOTE
r-patched-linux-x86_64 0.4.9 16.30 122.47 138.77 NOTE
r-patched-solaris-x86 0.4.9 235.70 NOTE
r-release-linux-x86_64 0.4.9 16.72 124.73 141.45 NOTE
r-release-macos-arm64 0.4.9 NOTE
r-release-macos-x86_64 0.4.9 NOTE
r-release-windows-ix86+x86_64 0.4.9 32.00 143.00 175.00 NOTE
r-oldrel-macos-x86_64 0.4.9 OK
r-oldrel-windows-ix86+x86_64 0.4.9 23.00 118.00 141.00 OK

Check Details

Version: 0.4.9
Check: LazyData
Result: NOTE
     'LazyData' is specified without a 'data' directory
Flavors: r-devel-linux-x86_64-debian-clang, r-devel-linux-x86_64-debian-gcc, r-devel-linux-x86_64-fedora-clang, r-devel-linux-x86_64-fedora-gcc, r-devel-windows-x86_64, r-devel-windows-x86_64-gcc10-UCRT, r-patched-linux-x86_64, r-patched-solaris-x86, r-release-linux-x86_64, r-release-macos-arm64, r-release-macos-x86_64, r-release-windows-ix86+x86_64