CRAN Package Check Results for Package ARTool

Last updated on 2021-09-19 23:49:53 CEST.

Flavor Version Tinstall Tcheck Ttotal Status Flags
r-devel-linux-x86_64-debian-clang 0.11.0 13.28 152.70 165.98 OK
r-devel-linux-x86_64-debian-gcc 0.11.0 10.46 114.61 125.07 OK
r-devel-linux-x86_64-fedora-clang 0.11.0 200.44 OK
r-devel-linux-x86_64-fedora-gcc 0.11.0 188.58 OK
r-devel-windows-x86_64 0.11.0 16.00 137.00 153.00 OK
r-devel-windows-x86_64-gcc10-UCRT 0.11.0 ERROR
r-patched-linux-x86_64 0.11.0 19.43 152.23 171.66 OK
r-patched-solaris-x86 0.11.0 253.40 OK
r-release-linux-x86_64 0.11.0 13.53 147.94 161.47 OK
r-release-macos-arm64 0.11.0 OK
r-release-macos-x86_64 0.11.0 OK
r-release-windows-ix86+x86_64 0.11.0 31.00 187.00 218.00 OK
r-oldrel-macos-x86_64 0.11.0 OK
r-oldrel-windows-ix86+x86_64 0.11.0 31.00 190.00 221.00 OK

Check Details

Version: 0.11.0
Check: whether package can be installed
Result: WARN
    Found the following significant warnings:
     WARNING: installation-time patches will not be applied, could not get the patches index
Flavor: r-devel-windows-x86_64-gcc10-UCRT

Version: 0.11.0
Check: PDF version of manual
Result: WARN
    LaTeX errors when creating PDF version.
    This typically indicates Rd problems.
Flavor: r-devel-windows-x86_64-gcc10-UCRT

Version: 0.11.0
Check: PDF version of manual without hyperrefs or index
Result: ERROR
    Re-running with no redirection of stdout/stderr.
Flavor: r-devel-windows-x86_64-gcc10-UCRT