CRAN Package Check Results for Package ARPALData

Last updated on 2022-01-23 23:50:09 CET.

Flavor Version Tinstall Tcheck Ttotal Status Flags
r-devel-linux-x86_64-debian-clang 1.2.2 13.31 114.07 127.38 OK
r-devel-linux-x86_64-debian-gcc 1.2.2 12.37 92.69 105.06 OK
r-devel-linux-x86_64-fedora-clang 1.2.2 154.71 NOTE
r-devel-linux-x86_64-fedora-gcc 1.2.2 152.58 OK
r-devel-windows-x86_64-new-UL 1.2.2 54.00 145.00 199.00 OK
r-devel-windows-x86_64-new-TK 1.2.2 OK
r-patched-linux-x86_64 1.2.2 8.91 108.45 117.36 OK
r-release-linux-x86_64 1.2.2 10.03 106.79 116.82 OK
r-release-macos-arm64 1.2.2 OK
r-release-macos-x86_64 1.2.2 OK
r-release-windows-ix86+x86_64 1.2.2 29.00 133.00 162.00 OK
r-oldrel-macos-x86_64 1.2.2 OK
r-oldrel-windows-ix86+x86_64 1.2.2 32.00 142.00 174.00 OK

Check Details

Version: 1.2.2
Check: package dependencies
Result: NOTE
    Imports includes 21 non-default packages.
    Importing from so many packages makes the package vulnerable to any of
    them becoming unavailable. Move as many as possible to Suggests and
    use conditionally.
Flavor: r-devel-linux-x86_64-fedora-clang