CRAN Package Check Results for Package AQuadtree

Last updated on 2021-09-24 23:53:40 CEST.

Flavor Version Tinstall Tcheck Ttotal Status Flags
r-devel-linux-x86_64-debian-clang 1.0.2 10.38 139.23 149.61 OK
r-devel-linux-x86_64-debian-gcc 1.0.2 9.13 101.19 110.32 OK
r-devel-linux-x86_64-fedora-clang 1.0.2 188.90 NOTE
r-devel-linux-x86_64-fedora-gcc 1.0.2 169.11 OK
r-devel-windows-x86_64 1.0.2 14.00 135.00 149.00 NOTE
r-devel-windows-x86_64-gcc10-UCRT 1.0.2 OK
r-patched-linux-x86_64 1.0.2 10.71 119.39 130.10 OK
r-patched-solaris-x86 1.0.2 154.70 NOTE
r-release-linux-x86_64 1.0.2 9.18 118.29 127.47 OK
r-release-macos-arm64 1.0.2 NOTE
r-release-macos-x86_64 1.0.2 NOTE
r-release-windows-ix86+x86_64 1.0.2 24.00 160.00 184.00 NOTE
r-oldrel-macos-x86_64 1.0.2 NOTE
r-oldrel-windows-ix86+x86_64 1.0.2 18.00 136.00 154.00 NOTE

Check Details

Version: 1.0.2
Check: installed package size
Result: NOTE
     installed size is 5.1Mb
     sub-directories of 1Mb or more:
     data 3.8Mb
Flavors: r-devel-linux-x86_64-fedora-clang, r-devel-windows-x86_64, r-patched-solaris-x86, r-release-macos-arm64, r-release-macos-x86_64, r-release-windows-ix86+x86_64, r-oldrel-macos-x86_64, r-oldrel-windows-ix86+x86_64