Last updated on 2023-02-08 00:03:17 CET.
Flavor | Version | Tinstall | Tcheck | Ttotal | Status | Flags |
---|---|---|---|---|---|---|
r-devel-linux-x86_64-debian-clang | 2.3.4 | 486.67 | 77.38 | 564.05 | NOTE | |
r-devel-linux-x86_64-debian-gcc | 2.3.4 | 375.65 | 72.45 | 448.10 | NOTE | |
r-devel-linux-x86_64-fedora-clang | 2.3.4 | 905.95 | NOTE | |||
r-devel-linux-x86_64-fedora-gcc | 2.3.4 | 756.65 | NOTE | |||
r-devel-windows-x86_64 | 2.3.4 | 322.00 | 148.00 | 470.00 | NOTE | |
r-patched-linux-x86_64 | 2.3.4 | 343.40 | 79.34 | 422.74 | NOTE | |
r-release-linux-x86_64 | 2.3.4 | 349.74 | 81.87 | 431.61 | NOTE | |
r-release-macos-arm64 | 2.3.4 | 229.00 | NOTE | |||
r-release-macos-x86_64 | 2.3.4 | 415.00 | NOTE | |||
r-release-windows-x86_64 | 2.3.4 | 322.00 | 150.00 | 472.00 | NOTE | |
r-oldrel-macos-arm64 | 2.3.4 | 253.00 | NOTE | |||
r-oldrel-macos-x86_64 | 2.3.4 | 351.00 | NOTE | |||
r-oldrel-windows-ix86+x86_64 | 2.3.4 | 912.00 | 150.00 | 1062.00 | NOTE |
Version: 2.3.4
Check: C++ specification
Result: NOTE
Specified C++11: please update to current default of C++17
Flavors: r-devel-linux-x86_64-debian-clang, r-devel-linux-x86_64-debian-gcc, r-devel-windows-x86_64
Version: 2.3.4
Check: LazyData
Result: NOTE
'LazyData' is specified without a 'data' directory
Flavors: r-devel-linux-x86_64-debian-clang, r-devel-linux-x86_64-debian-gcc, r-devel-linux-x86_64-fedora-clang, r-devel-linux-x86_64-fedora-gcc, r-devel-windows-x86_64, r-patched-linux-x86_64, r-release-linux-x86_64, r-release-macos-arm64, r-release-macos-x86_64, r-release-windows-x86_64, r-oldrel-macos-arm64, r-oldrel-macos-x86_64, r-oldrel-windows-ix86+x86_64
Version: 2.3.4
Check: C++ specification
Result: NOTE
Specified C++11: please drop specification unless essential
Flavors: r-devel-linux-x86_64-fedora-clang, r-devel-linux-x86_64-fedora-gcc
Version: 2.3.4
Check: installed package size
Result: NOTE
installed size is 31.7Mb
sub-directories of 1Mb or more:
cereal 1.4Mb
libs 30.2Mb
Flavors: r-release-macos-arm64, r-release-macos-x86_64, r-oldrel-macos-arm64, r-oldrel-macos-x86_64, r-oldrel-windows-ix86+x86_64