Last updated on 2022-06-26 23:52:16 CEST.
Flavor | Version | Tinstall | Tcheck | Ttotal | Status | Flags |
---|---|---|---|---|---|---|
r-devel-linux-x86_64-debian-clang | 5.5.2 | 18.06 | 106.69 | 124.75 | NOTE | |
r-devel-linux-x86_64-debian-gcc | 5.5.2 | 14.77 | 84.70 | 99.47 | NOTE | |
r-devel-linux-x86_64-fedora-clang | 5.5.2 | 154.41 | NOTE | |||
r-devel-linux-x86_64-fedora-gcc | 5.5.2 | 159.53 | NOTE | |||
r-devel-windows-x86_64 | 5.5.2 | 61.00 | 146.00 | 207.00 | NOTE | |
r-patched-linux-x86_64 | 5.5.2 | 18.46 | 99.23 | 117.69 | OK | |
r-release-linux-x86_64 | 5.5.2 | 19.26 | 97.67 | 116.93 | OK | |
r-release-macos-arm64 | 5.5.2 | 45.00 | OK | |||
r-release-macos-x86_64 | 5.5.2 | 84.00 | OK | |||
r-release-windows-x86_64 | 5.5.2 | 71.00 | 148.00 | 219.00 | OK | |
r-oldrel-macos-arm64 | 5.5.2 | 55.00 | OK | |||
r-oldrel-macos-x86_64 | 5.5.2 | 85.00 | OK | |||
r-oldrel-windows-ix86+x86_64 | 5.5.2 | 39.00 | 147.00 | 186.00 | OK |
Version: 5.5.2
Check: Rd files
Result: NOTE
checkRd: (-1) ZIClass.Rd:87: Escaped LaTeX specials: \_
checkRd: (-1) ZITrain.Rd:72: Escaped LaTeX specials: \_
checkRd: (-1) ZITrain.Rd:74: Escaped LaTeX specials: \_
checkRd: (-1) zid.Rd:45: Escaped LaTeX specials: \_
checkRd: (-1) zim.Rd:63: Escaped LaTeX specials: \_
Flavors: r-devel-linux-x86_64-debian-clang, r-devel-linux-x86_64-debian-gcc, r-devel-linux-x86_64-fedora-clang, r-devel-linux-x86_64-fedora-gcc, r-devel-windows-x86_64