CRAN Package Check Results for Package yuimaGUI

Last updated on 2019-07-22 06:47:52 CEST.

Flavor Version Tinstall Tcheck Ttotal Status Flags
r-devel-linux-x86_64-debian-clang 1.3.0 9.53 81.15 90.68 OK
r-devel-linux-x86_64-debian-gcc 1.3.0 9.19 62.22 71.41 OK
r-devel-linux-x86_64-fedora-clang 1.3.0 112.42 NOTE
r-devel-linux-x86_64-fedora-gcc 1.3.0 119.08 NOTE
r-devel-windows-ix86+x86_64 1.3.0 22.00 130.00 152.00 OK
r-patched-linux-x86_64 1.3.0 10.72 76.02 86.74 OK
r-patched-solaris-x86 1.3.0 170.70 NOTE
r-release-linux-x86_64 1.3.0 9.07 79.30 88.37 OK
r-release-windows-ix86+x86_64 1.3.0 21.00 93.00 114.00 OK
r-release-osx-x86_64 1.3.0 NOTE
r-oldrel-windows-ix86+x86_64 1.3.0 20.00 137.00 157.00 OK
r-oldrel-osx-x86_64 1.3.0 NOTE

Check Details

Version: 1.3.0
Check: dependencies in R code
Result: NOTE
    Namespace in Imports field not imported from: ‘ghyp’
     All declared Imports should be used.
Flavors: r-devel-linux-x86_64-fedora-clang, r-devel-linux-x86_64-fedora-gcc, r-patched-solaris-x86, r-release-osx-x86_64, r-oldrel-osx-x86_64