CRAN Package Check Results for Package yuimaGUI

Last updated on 2019-12-08 23:47:44 CET.

Flavor Version Tinstall Tcheck Ttotal Status Flags
r-devel-linux-x86_64-debian-clang 1.3.0 11.71 90.88 102.59 OK
r-devel-linux-x86_64-debian-gcc 1.3.0 10.46 70.80 81.26 OK
r-devel-linux-x86_64-fedora-clang 1.3.0 125.74 NOTE
r-devel-linux-x86_64-fedora-gcc 1.3.0 124.49 NOTE
r-devel-windows-ix86+x86_64 1.3.0 28.00 148.00 176.00 OK
r-devel-windows-ix86+x86_64-gcc8 1.3.0 40.00 101.00 141.00 OK
r-patched-linux-x86_64 1.3.0 10.09 80.96 91.05 OK
r-patched-solaris-x86 1.3.0 175.90 NOTE
r-release-linux-x86_64 1.3.0 9.69 80.57 90.26 OK
r-release-windows-ix86+x86_64 1.3.0 19.00 98.00 117.00 OK
r-release-osx-x86_64 1.3.0 NOTE
r-oldrel-windows-ix86+x86_64 1.3.0 13.00 88.00 101.00 OK
r-oldrel-osx-x86_64 1.3.0 NOTE

Check Details

Version: 1.3.0
Check: dependencies in R code
Result: NOTE
    Namespace in Imports field not imported from: ‘ghyp’
     All declared Imports should be used.
Flavors: r-devel-linux-x86_64-fedora-clang, r-devel-linux-x86_64-fedora-gcc, r-patched-solaris-x86, r-release-osx-x86_64, r-oldrel-osx-x86_64