CRAN Package Check Results for Package yotover

Last updated on 2021-02-23 23:50:51 CET.

Flavor Version Tinstall Tcheck Ttotal Status Flags
r-devel-linux-x86_64-debian-clang 0.3.5 8.98 89.86 98.84 OK
r-devel-linux-x86_64-debian-gcc 0.3.5 7.53 67.38 74.91 OK
r-devel-linux-x86_64-fedora-clang 0.3.5 134.62 NOTE
r-devel-linux-x86_64-fedora-gcc 0.3.5 122.00 NOTE
r-devel-windows-ix86+x86_64 0.3.5 18.00 87.00 105.00 OK
r-patched-linux-x86_64 0.3.5 9.23 84.50 93.73 OK
r-patched-solaris-x86 0.3.5 164.70 NOTE
r-release-linux-x86_64 0.3.5 8.43 83.84 92.27 OK
r-release-macos-x86_64 0.3.5 NOTE
r-release-windows-ix86+x86_64 0.3.5 25.00 113.00 138.00 OK
r-oldrel-macos-x86_64 0.3.5 ERROR
r-oldrel-windows-ix86+x86_64 0.3.2 36.00 102.00 138.00 OK

Check Details

Version: 0.3.5
Check: dependencies in R code
Result: NOTE
    Namespaces in Imports field not imported from:
     ‘Matrix’ ‘dbplyr’ ‘ggplot2’ ‘magrittr’ ‘tidyr’
     All declared Imports should be used.
Flavors: r-devel-linux-x86_64-fedora-clang, r-devel-linux-x86_64-fedora-gcc, r-patched-solaris-x86, r-release-macos-x86_64

Version: 0.3.5
Check: whether package can be installed
Result: ERROR
    Installation failed.
Flavor: r-oldrel-macos-x86_64