CRAN Package Check Results for Package xrnet

Last updated on 2022-01-21 23:49:05 CET.

Flavor Version Tinstall Tcheck Ttotal Status Flags
r-devel-linux-x86_64-debian-clang 0.1.7 107.14 65.00 172.14 OK
r-devel-linux-x86_64-debian-gcc 0.1.7 94.35 54.09 148.44 OK
r-devel-linux-x86_64-fedora-clang 0.1.7 262.04 NOTE
r-devel-linux-x86_64-fedora-gcc 0.1.7 241.33 OK
r-devel-windows-x86_64-new-UL 0.1.7 100.00 117.00 217.00 OK
r-devel-windows-x86_64-new-TK 0.1.7 OK
r-patched-linux-x86_64 0.1.7 104.92 66.63 171.55 OK
r-release-linux-x86_64 0.1.7 104.09 67.36 171.45 OK
r-release-macos-arm64 0.1.7 NOTE
r-release-macos-x86_64 0.1.7 NOTE
r-release-windows-ix86+x86_64 0.1.7 230.00 144.00 374.00 OK
r-oldrel-macos-x86_64 0.1.7 NOTE
r-oldrel-windows-ix86+x86_64 0.1.7 231.00 139.00 370.00 OK

Check Details

Version: 0.1.7
Check: installed package size
Result: NOTE
     installed size is 23.9Mb
     sub-directories of 1Mb or more:
     libs 23.5Mb
Flavors: r-devel-linux-x86_64-fedora-clang, r-release-macos-arm64, r-release-macos-x86_64, r-oldrel-macos-x86_64