Last updated on 2022-08-17 23:53:43 CEST.
Flavor | Version | Tinstall | Tcheck | Ttotal | Status | Flags |
---|---|---|---|---|---|---|
r-devel-linux-x86_64-debian-clang | 0.3.0 | 10.81 | 85.84 | 96.65 | OK | |
r-devel-linux-x86_64-debian-gcc | 0.3.0 | OK | ||||
r-devel-linux-x86_64-fedora-clang | 0.3.0 | 136.39 | NOTE | |||
r-devel-linux-x86_64-fedora-gcc | 0.3.0 | 126.67 | NOTE | |||
r-devel-windows-x86_64 | 0.3.0 | 36.00 | 108.00 | 144.00 | OK | |
r-patched-linux-x86_64 | 0.3.0 | 10.66 | 81.16 | 91.82 | OK | |
r-release-linux-x86_64 | 0.3.0 | 10.39 | 80.29 | 90.68 | OK | |
r-release-macos-arm64 | 0.3.0 | 7.00 | ERROR | |||
r-release-macos-x86_64 | 0.3.0 | 8.00 | ERROR | |||
r-release-windows-x86_64 | 0.3.0 | 40.00 | 108.00 | 148.00 | OK | |
r-oldrel-macos-arm64 | 0.3.0 | 11.00 | ERROR | |||
r-oldrel-macos-x86_64 | 0.3.0 | 13.00 | ERROR | |||
r-oldrel-windows-ix86+x86_64 | 0.3.0 | 26.00 | 103.00 | 129.00 | OK |
Version: 0.3.0
Check: dependencies in R code
Result: NOTE
Namespace in Imports field not imported from: ‘methods’
All declared Imports should be used.
Flavors: r-devel-linux-x86_64-fedora-clang, r-devel-linux-x86_64-fedora-gcc
Version: 0.3.0
Check: Rd cross-references
Result: NOTE
Undeclared package ‘readr’ in Rd xrefs
Flavor: r-devel-linux-x86_64-fedora-clang
Version: 0.3.0
Check: whether package can be installed
Result: ERROR
Installation failed.
Flavors: r-release-macos-arm64, r-release-macos-x86_64, r-oldrel-macos-arm64, r-oldrel-macos-x86_64