CRAN Package Check Results for Package xplorerr

Last updated on 2024-06-18 00:57:42 CEST.

Flavor Version Tinstall Tcheck Ttotal Status Flags
r-devel-linux-x86_64-debian-clang 0.1.2 30.03 31.32 61.35 NOTE
r-devel-linux-x86_64-debian-gcc 0.1.2 17.42 24.55 41.97 NOTE
r-devel-linux-x86_64-fedora-clang 0.1.2 89.03 NOTE
r-devel-linux-x86_64-fedora-gcc 0.1.2 84.71 NOTE
r-devel-windows-x86_64 0.1.2 28.00 64.00 92.00 OK
r-patched-linux-x86_64 0.1.2 21.07 30.88 51.95 NOTE
r-release-linux-x86_64 0.1.2 24.47 30.52 54.99 NOTE
r-release-macos-arm64 0.1.2 27.00 NOTE
r-release-macos-x86_64 0.1.2 38.00 NOTE
r-release-windows-x86_64 0.1.2 26.00 63.00 89.00 OK
r-oldrel-macos-arm64 0.1.2 27.00 OK
r-oldrel-macos-x86_64 0.1.2 39.00 OK
r-oldrel-windows-x86_64 0.1.2 31.00 72.00 103.00 OK

Check Details

Version: 0.1.2
Check: package dependencies
Result: NOTE Package suggested but not available for checking: ‘rbokeh’ Flavors: r-devel-linux-x86_64-debian-clang, r-devel-linux-x86_64-debian-gcc, r-devel-linux-x86_64-fedora-clang, r-devel-linux-x86_64-fedora-gcc, r-patched-linux-x86_64, r-release-linux-x86_64, r-release-macos-arm64, r-release-macos-x86_64