CRAN Package Check Results for Package xml2

Last updated on 2019-08-18 23:47:48 CEST.

Flavor Version Tinstall Tcheck Ttotal Status Flags
r-devel-linux-x86_64-debian-clang 1.2.2 74.02 37.23 111.25 OK
r-devel-linux-x86_64-debian-gcc 1.2.2 54.67 29.93 84.60 OK
r-devel-linux-x86_64-fedora-clang 1.2.2 170.82 OK
r-devel-linux-x86_64-fedora-gcc 1.2.2 150.84 OK
r-devel-windows-ix86+x86_64 1.2.2 202.00 117.00 319.00 NOTE
r-patched-linux-x86_64 1.2.2 62.93 37.05 99.98 OK
r-patched-solaris-x86 1.2.2 143.50 ERROR
r-release-linux-x86_64 1.2.2 63.92 36.91 100.83 OK
r-release-windows-ix86+x86_64 1.2.2 149.00 86.00 235.00 NOTE
r-release-osx-x86_64 1.2.2 OK
r-oldrel-windows-ix86+x86_64 1.2.2 120.00 116.00 236.00 NOTE
r-oldrel-osx-x86_64 1.2.2 OK

Check Details

Version: 1.2.2
Check: installed package size
Result: NOTE
     installed size is 6.6Mb
     sub-directories of 1Mb or more:
     libs 6.2Mb
Flavors: r-devel-windows-ix86+x86_64, r-release-windows-ix86+x86_64, r-oldrel-windows-ix86+x86_64

Version: 1.2.2
Check: tests
Result: ERROR
     Running ‘testthat.R’ [3s/11s]
    Running the tests in ‘tests/testthat.R’ failed.
    Complete output:
     > library(testthat)
     > library(xml2)
     >
     > test_check("xml2")
     This is libxml2 version 2.9.9
     terminate called after throwing an instance of 'Rcpp::exception'
     what(): Document is empty [4]
Flavor: r-patched-solaris-x86