CRAN Package Check Results for Package wtss

Last updated on 2019-11-10 23:48:44 CET.

Flavor Version Tinstall Tcheck Ttotal Status Flags
r-devel-linux-x86_64-debian-clang 1.1.0 5.43 40.94 46.37 OK
r-devel-linux-x86_64-debian-gcc 1.1.0 3.97 31.86 35.83 ERROR
r-devel-linux-x86_64-fedora-clang 1.1.0 55.56 ERROR
r-devel-linux-x86_64-fedora-gcc 1.1.0 56.45 OK
r-devel-windows-ix86+x86_64 1.1.0 14.00 60.00 74.00 ERROR
r-patched-linux-x86_64 1.1.0 4.54 39.60 44.14 OK
r-patched-solaris-x86 1.1.0 91.70 ERROR
r-release-linux-x86_64 1.1.0 4.34 39.72 44.06 OK
r-release-windows-ix86+x86_64 1.1.0 15.00 63.00 78.00 OK
r-release-osx-x86_64 1.1.0 OK
r-oldrel-windows-ix86+x86_64 1.1.0 10.00 80.00 90.00 OK
r-oldrel-osx-x86_64 1.1.0 OK

Check Details

Version: 1.1.0
Check: examples
Result: ERROR
    Running examples in ‘wtss-Ex.R’ failed
    The error most likely occurred in:
    
    > base::assign(".ptime", proc.time(), pos = "CheckExEnv")
    > ### Name: WTSS
    > ### Title: The WTSS class
    > ### Aliases: WTSS WTSS-class WTSS
    >
    > ### ** Examples
    >
    > ts.server = WTSS("http://www.esensing.dpi.inpe.br/wtss/")
    Error in .parseJSON(.sendRequest(request)) :
     <!DOCTYPE HTML PUBLIC "-//IETF//DTD HTML 2.0//EN">
    <html><head>
    <title>503 Service Temporarily Unavailable</title>
    </head><body>
    <h1>Service Temporarily Unavailable</h1>
    <p>The server is temporarily unable to service your
    request due to maintenance downtime or capacity
    problems. Please try again later.</p>
    </body></html>
    Calls: WTSS ... initialize -> .local -> .listCoverages -> .parseJSON
    Execution halted
Flavor: r-devel-linux-x86_64-debian-gcc

Version: 1.1.0
Check: re-building of vignette outputs
Result: WARN
    Error(s) in re-building vignettes:
     ...
    --- re-building ‘howto.Rnw’ using Sweave
    
    Error: processing vignette 'howto.Rnw' failed with diagnostics:
     chunk 1
    Error in .parseJSON(.sendRequest(request)) :
     <!DOCTYPE HTML PUBLIC "-//IETF//DTD HTML 2.0//EN">
    <html><head>
    <title>503 Service Temporarily Unavailable</title>
    </head><body>
    <h1>Service Temporarily Unavailable</h1>
    <p>The server is temporarily unable to service your
    request due to maintenance downtime or capacity
    problems. Please try again later.</p>
    </body></html>
    
    
    --- failed re-building ‘howto.Rnw’
    
    SUMMARY: processing the following file failed:
     ‘howto.Rnw’
    
    Error: Vignette re-building failed.
    Execution halted
Flavors: r-devel-linux-x86_64-debian-gcc, r-patched-solaris-x86

Version: 1.1.0
Check: examples
Result: ERROR
    Running examples in ‘wtss-Ex.R’ failed
    The error most likely occurred in:
    
    > ### Name: WTSS
    > ### Title: The WTSS class
    > ### Aliases: WTSS WTSS-class WTSS
    >
    > ### ** Examples
    >
    > ts.server = WTSS("http://www.esensing.dpi.inpe.br/wtss/")
    Error in .parseJSON(.sendRequest(request)) :
     <!DOCTYPE HTML PUBLIC "-//IETF//DTD HTML 2.0//EN">
    <html><head>
    <title>503 Service Temporarily Unavailable</title>
    </head><body>
    <h1>Service Temporarily Unavailable</h1>
    <p>The server is temporarily unable to service your
    request due to maintenance downtime or capacity
    problems. Please try again later.</p>
    </body></html>
    Calls: WTSS ... initialize -> .local -> .listCoverages -> .parseJSON
    Execution halted
Flavors: r-devel-linux-x86_64-fedora-clang, r-devel-windows-ix86+x86_64, r-patched-solaris-x86

Version: 1.1.0
Check: re-building of vignette outputs
Result: WARN
    Error(s) in re-building vignettes:
    --- re-building ‘howto.Rnw’ using Sweave
    
    Error: processing vignette 'howto.Rnw' failed with diagnostics:
     chunk 1
    Error in .parseJSON(.sendRequest(request)) :
     <!DOCTYPE HTML PUBLIC "-//IETF//DTD HTML 2.0//EN">
    <html><head>
    <title>503 Service Temporarily Unavailable</title>
    </head><body>
    <h1>Service Temporarily Unavailable</h1>
    <p>The server is temporarily unable to service your
    request due to maintenance downtime or capacity
    problems. Please try again later.</p>
    </body></html>
    
    
    --- failed re-building ‘howto.Rnw’
    
    SUMMARY: processing the following file failed:
     ‘howto.Rnw’
    
    Error: Vignette re-building failed.
    Execution halted
Flavors: r-devel-linux-x86_64-fedora-clang, r-devel-windows-ix86+x86_64