CRAN Package Check Results for Package wsyn

Last updated on 2022-06-23 23:52:55 CEST.

Flavor Version Tinstall Tcheck Ttotal Status Flags
r-devel-linux-x86_64-debian-clang 1.0.4 13.00 319.37 332.37 OK
r-devel-linux-x86_64-debian-gcc 1.0.4 11.88 239.18 251.06 OK
r-devel-linux-x86_64-fedora-clang 1.0.4 399.72 OK
r-devel-linux-x86_64-fedora-gcc 1.0.4 402.51 OK
r-devel-windows-x86_64 1.0.4 177.00 455.00 632.00 OK
r-patched-linux-x86_64 1.0.4 15.44 312.67 328.11 OK
r-release-linux-x86_64 1.0.4 10.25 315.01 325.26 OK
r-release-macos-arm64 1.0.4 104.00 OK
r-release-macos-x86_64 1.0.4 185.00 OK
r-release-windows-x86_64 1.0.4 128.00 466.00 594.00 OK
r-oldrel-macos-arm64 1.0.4 114.00 NOTE
r-oldrel-macos-x86_64 1.0.4 147.00 OK
r-oldrel-windows-ix86+x86_64 1.0.4 29.00 415.00 444.00 OK

Check Details

Version: 1.0.4
Check: package dependencies
Result: NOTE
    Package suggested but not available for checking: ‘vdiffr’
Flavor: r-oldrel-macos-arm64