Last updated on 2022-08-16 23:57:37 CEST.
Flavor | Version | Tinstall | Tcheck | Ttotal | Status | Flags |
---|---|---|---|---|---|---|
r-devel-linux-x86_64-debian-clang | 0.1.0 | 2.35 | 30.66 | 33.01 | OK | |
r-devel-linux-x86_64-debian-gcc | 0.1.0 | 2.32 | 23.36 | 25.68 | OK | |
r-devel-linux-x86_64-fedora-clang | 0.1.0 | 51.74 | NOTE | |||
r-devel-linux-x86_64-fedora-gcc | 0.1.0 | 52.35 | NOTE | |||
r-devel-windows-x86_64 | 0.1.0 | 22.00 | 58.00 | 80.00 | OK | |
r-patched-linux-x86_64 | 0.1.0 | 2.99 | 29.01 | 32.00 | OK | |
r-release-linux-x86_64 | 0.1.0 | 3.04 | 29.76 | 32.80 | OK | |
r-release-macos-arm64 | 0.1.0 | 19.00 | NOTE | |||
r-release-macos-x86_64 | 0.1.0 | 28.00 | NOTE | |||
r-release-windows-x86_64 | 0.1.0 | 20.00 | 58.00 | 78.00 | OK | |
r-oldrel-macos-arm64 | 0.1.0 | 27.00 | NOTE | |||
r-oldrel-macos-x86_64 | 0.1.0 | 31.00 | NOTE | |||
r-oldrel-windows-ix86+x86_64 | 0.1.0 | 7.00 | 58.00 | 65.00 | OK |
Version: 0.1.0
Check: data for non-ASCII characters
Result: NOTE
Note: found 6738 marked UTF-8 strings
Flavors: r-devel-linux-x86_64-fedora-clang, r-devel-linux-x86_64-fedora-gcc, r-release-macos-arm64, r-release-macos-x86_64, r-oldrel-macos-arm64, r-oldrel-macos-x86_64