CRAN Package Check Results for Package wooldridge

Last updated on 2021-04-22 23:50:00 CEST.

Flavor Version Tinstall Tcheck Ttotal Status Flags
r-devel-linux-x86_64-debian-clang 1.3.1 5.86 61.27 67.13 OK
r-devel-linux-x86_64-debian-gcc 1.3.1 5.11 46.14 51.25 OK
r-devel-linux-x86_64-fedora-clang 1.3.1 88.87 NOTE
r-devel-linux-x86_64-fedora-gcc 1.3.1 79.60 OK
r-devel-windows-ix86+x86_64 1.3.1 12.00 93.00 105.00 NOTE
r-devel-windows-x86_64-gcc10-UCRT 1.3.1 OK
r-patched-linux-x86_64 1.3.1 8.65 59.87 68.52 OK
r-patched-solaris-x86 1.3.1 105.80 NOTE
r-release-linux-x86_64 1.3.1 5.90 58.64 64.54 OK
r-release-macos-x86_64 1.3.1 NOTE
r-release-windows-ix86+x86_64 1.3.1 12.00 89.00 101.00 NOTE
r-oldrel-macos-x86_64 1.3.1 NOTE
r-oldrel-windows-ix86+x86_64 1.3.1 10.00 82.00 92.00 NOTE

Check Details

Version: 1.3.1
Check: installed package size
Result: NOTE
     installed size is 5.5Mb
     sub-directories of 1Mb or more:
     data 4.6Mb
Flavors: r-devel-linux-x86_64-fedora-clang, r-devel-windows-ix86+x86_64, r-patched-solaris-x86, r-release-macos-x86_64, r-release-windows-ix86+x86_64, r-oldrel-macos-x86_64, r-oldrel-windows-ix86+x86_64