CRAN Package Check Results for Package withr

Last updated on 2019-06-07 02:51:17 CEST.

Flavor Version Tinstall Tcheck Ttotal Status Flags
r-devel-linux-x86_64-debian-clang 2.1.2 2.07 29.62 31.69 NOTE
r-devel-linux-x86_64-debian-gcc 2.1.2 1.57 23.48 25.05 NOTE
r-devel-linux-x86_64-fedora-clang 2.1.2 38.35 NOTE
r-devel-linux-x86_64-fedora-gcc 2.1.2 37.80 NOTE
r-devel-windows-ix86+x86_64 2.1.2 9.00 54.00 63.00 OK
r-patched-linux-x86_64 2.1.2 2.02 29.61 31.63 OK
r-patched-solaris-x86 2.1.2 57.20 OK
r-release-linux-x86_64 2.1.2 2.09 29.11 31.20 OK
r-release-windows-ix86+x86_64 2.1.2 6.00 56.00 62.00 OK
r-release-osx-x86_64 2.1.2 OK
r-oldrel-windows-ix86+x86_64 2.1.2 4.00 61.00 65.00 OK
r-oldrel-osx-x86_64 2.1.2 OK

Check Details

Version: 2.1.2
Check: for non-standard things in the check directory
Result: NOTE
    Found the following files/directories:
     foo
Flavors: r-devel-linux-x86_64-debian-clang, r-devel-linux-x86_64-debian-gcc

Version: 2.1.2
Check: for non-standard things in the check directory
Result: NOTE
    Found the following files/directories:
     ‘foo’
Flavors: r-devel-linux-x86_64-fedora-clang, r-devel-linux-x86_64-fedora-gcc