CRAN Package Check Results for Package withr

Last updated on 2019-08-11 23:47:43 CEST.

Flavor Version Tinstall Tcheck Ttotal Status Flags
r-devel-linux-x86_64-debian-clang 2.1.2 2.26 30.05 32.31 NOTE
r-devel-linux-x86_64-debian-gcc 2.1.2 1.81 24.10 25.91 NOTE
r-devel-linux-x86_64-fedora-clang 2.1.2 39.68 NOTE
r-devel-linux-x86_64-fedora-gcc 2.1.2 38.63 NOTE
r-devel-windows-ix86+x86_64 2.1.2 11.00 59.00 70.00 OK
r-patched-linux-x86_64 2.1.2 1.86 29.91 31.77 OK
r-patched-solaris-x86 2.1.2 57.30 OK
r-release-linux-x86_64 2.1.2 2.14 30.52 32.66 OK
r-release-windows-ix86+x86_64 2.1.2 10.00 41.00 51.00 OK
r-release-osx-x86_64 2.1.2 OK
r-oldrel-windows-ix86+x86_64 2.1.2 5.00 61.00 66.00 OK
r-oldrel-osx-x86_64 2.1.2 OK

Check Details

Version: 2.1.2
Check: for non-standard things in the check directory
Result: NOTE
    Found the following files/directories:
     'foo'
Flavors: r-devel-linux-x86_64-debian-clang, r-devel-linux-x86_64-debian-gcc, r-devel-linux-x86_64-fedora-clang, r-devel-linux-x86_64-fedora-gcc