CRAN Package Check Results for Package wikitaxa

Last updated on 2022-10-06 23:56:24 CEST.

Flavor Version Tinstall Tcheck Ttotal Status Flags
r-devel-linux-x86_64-debian-clang 0.4.0 2.78 34.36 37.14 OK
r-devel-linux-x86_64-debian-gcc 0.4.0 2.30 26.47 28.77 OK
r-devel-linux-x86_64-fedora-clang 0.4.0 58.51 NOTE
r-devel-linux-x86_64-fedora-gcc 0.4.0 55.22 OK
r-devel-windows-x86_64 0.4.0 23.00 67.00 90.00 OK
r-patched-linux-x86_64 0.4.0 3.13 32.52 35.65 OK
r-release-linux-x86_64 0.4.0 2.36 32.52 34.88 OK
r-release-macos-arm64 0.4.0 22.00 OK
r-release-macos-x86_64 0.4.0 34.00 OK
r-release-windows-x86_64 0.4.0 63.00 66.00 129.00 OK
r-oldrel-macos-arm64 0.4.0 25.00 OK
r-oldrel-macos-x86_64 0.4.0 34.00 OK
r-oldrel-windows-ix86+x86_64 0.4.0 9.00 59.00 68.00 OK

Check Details

Version: 0.4.0
Check: Rd cross-references
Result: NOTE
    Undeclared package ‘httr’ in Rd xrefs
Flavor: r-devel-linux-x86_64-fedora-clang