CRAN Package Check Results for Package wikilake

Last updated on 2019-11-10 23:48:44 CET.

Flavor Version Tinstall Tcheck Ttotal Status Flags
r-devel-linux-x86_64-debian-clang 0.4 4.13 38.00 42.13 OK
r-devel-linux-x86_64-debian-gcc 0.4 3.43 30.51 33.94 OK
r-devel-linux-x86_64-fedora-clang 0.4 53.62 NOTE
r-devel-linux-x86_64-fedora-gcc 0.4 52.96 NOTE
r-devel-windows-ix86+x86_64 0.4 11.00 55.00 66.00 OK
r-patched-linux-x86_64 0.4 3.49 37.32 40.81 OK
r-patched-solaris-x86 0.4 81.50 NOTE
r-release-linux-x86_64 0.4 3.86 36.94 40.80 OK
r-release-windows-ix86+x86_64 0.4 16.00 73.00 89.00 OK
r-release-osx-x86_64 0.4 NOTE
r-oldrel-windows-ix86+x86_64 0.4 8.00 53.00 61.00 OK
r-oldrel-osx-x86_64 0.4 NOTE

Check Details

Version: 0.4
Check: data for non-ASCII characters
Result: NOTE
     Note: found 2 marked UTF-8 strings
Flavors: r-devel-linux-x86_64-fedora-clang, r-devel-linux-x86_64-fedora-gcc, r-patched-solaris-x86, r-release-osx-x86_64, r-oldrel-osx-x86_64