CRAN Package Check Results for Package wikilake

Last updated on 2019-07-22 06:47:52 CEST.

Flavor Version Tinstall Tcheck Ttotal Status Flags
r-devel-linux-x86_64-debian-clang 0.4 3.69 37.25 40.94 OK
r-devel-linux-x86_64-debian-gcc 0.4 3.39 30.20 33.59 OK
r-devel-linux-x86_64-fedora-clang 0.4 51.65 NOTE
r-devel-linux-x86_64-fedora-gcc 0.4 52.76 NOTE
r-devel-windows-ix86+x86_64 0.4 9.00 78.00 87.00 OK
r-patched-linux-x86_64 0.4 3.89 36.45 40.34 OK
r-patched-solaris-x86 0.4 85.40 NOTE
r-release-linux-x86_64 0.4 3.18 37.76 40.94 OK
r-release-windows-ix86+x86_64 0.4 8.00 53.00 61.00 OK
r-release-osx-x86_64 0.4 NOTE
r-oldrel-windows-ix86+x86_64 0.4 8.00 73.00 81.00 OK
r-oldrel-osx-x86_64 0.4 NOTE

Check Details

Version: 0.4
Check: data for non-ASCII characters
Result: NOTE
     Note: found 2 marked UTF-8 strings
Flavors: r-devel-linux-x86_64-fedora-clang, r-devel-linux-x86_64-fedora-gcc, r-patched-solaris-x86, r-release-osx-x86_64, r-oldrel-osx-x86_64