Last updated on 2022-08-10 23:55:43 CEST.
Flavor | Version | Tinstall | Tcheck | Ttotal | Status | Flags |
---|---|---|---|---|---|---|
r-devel-linux-x86_64-debian-clang | 0.1.4 | 10.42 | 141.82 | 152.24 | OK | |
r-devel-linux-x86_64-debian-gcc | 0.1.4 | 7.49 | 103.46 | 110.95 | OK | |
r-devel-linux-x86_64-fedora-clang | 0.1.4 | 153.30 | NOTE | |||
r-devel-linux-x86_64-fedora-gcc | 0.1.4 | 158.19 | NOTE | |||
r-devel-windows-x86_64 | 0.1.4 | 19.00 | 196.00 | 215.00 | OK | |
r-patched-linux-x86_64 | 0.1.4 | 9.76 | 133.29 | 143.05 | OK | |
r-release-linux-x86_64 | 0.1.4 | OK | ||||
r-release-macos-arm64 | 0.1.4 | 56.00 | NOTE | |||
r-release-macos-x86_64 | 0.1.4 | 93.00 | NOTE | |||
r-release-windows-x86_64 | 0.1.4 | 20.00 | 195.00 | 215.00 | OK | |
r-oldrel-macos-arm64 | 0.1.4 | 70.00 | NOTE | |||
r-oldrel-macos-x86_64 | 0.1.4 | 75.00 | NOTE | |||
r-oldrel-windows-ix86+x86_64 | 0.1.4 | 27.00 | 177.00 | 204.00 | OK |
Version: 0.1.4
Check: dependencies in R code
Result: NOTE
Namespace in Imports field not imported from: ‘gapminder’
All declared Imports should be used.
Flavors: r-devel-linux-x86_64-fedora-clang, r-devel-linux-x86_64-fedora-gcc, r-release-macos-arm64, r-release-macos-x86_64, r-oldrel-macos-arm64, r-oldrel-macos-x86_64