CRAN Package Check Results for Package wiad

Last updated on 2023-02-03 23:51:53 CET.

Flavor Version Tinstall Tcheck Ttotal Status Flags
r-devel-linux-x86_64-debian-clang 0.0.1.0 6.51 54.38 60.89 NOTE
r-devel-linux-x86_64-debian-gcc 0.0.1.0 5.32 41.63 46.95 NOTE
r-devel-linux-x86_64-fedora-clang 0.0.1.0 79.53 NOTE
r-devel-linux-x86_64-fedora-gcc 0.0.1.0 78.93 NOTE
r-patched-linux-x86_64 0.0.1.0 7.02 55.08 62.10 NOTE
r-release-linux-x86_64 0.0.1.0 5.85 55.67 61.52 NOTE
r-release-macos-arm64 0.0.1.0 24.00 NOTE
r-release-macos-x86_64 0.0.1.0 52.00 NOTE
r-release-windows-x86_64 0.0.1.0 17.00 93.00 110.00 NOTE
r-oldrel-macos-arm64 0.0.1.0 28.00 NOTE
r-oldrel-macos-x86_64 0.0.1.0 42.00 NOTE
r-oldrel-windows-ix86+x86_64 0.0.1.0 16.00 85.00 101.00 NOTE

Check Details

Version: 0.0.1.0
Check: LazyData
Result: NOTE
     'LazyData' is specified without a 'data' directory
Flavors: r-devel-linux-x86_64-debian-clang, r-devel-linux-x86_64-debian-gcc, r-devel-linux-x86_64-fedora-clang, r-devel-linux-x86_64-fedora-gcc, r-patched-linux-x86_64, r-release-linux-x86_64, r-release-macos-arm64, r-release-macos-x86_64, r-release-windows-x86_64, r-oldrel-macos-arm64, r-oldrel-macos-x86_64, r-oldrel-windows-ix86+x86_64