Last updated on 2022-06-26 23:52:15 CEST.
Flavor | Version | Tinstall | Tcheck | Ttotal | Status | Flags |
---|---|---|---|---|---|---|
r-devel-linux-x86_64-debian-clang | 1.0.4 | 21.08 | 138.49 | 159.57 | OK | |
r-devel-linux-x86_64-debian-gcc | 1.0.4 | 15.41 | 101.98 | 117.39 | OK | |
r-devel-linux-x86_64-fedora-clang | 1.0.4 | 196.48 | WARN | |||
r-devel-linux-x86_64-fedora-gcc | 1.0.4 | 193.62 | WARN | |||
r-devel-windows-x86_64 | 1.0.4 | 34.00 | 150.00 | 184.00 | OK | |
r-patched-linux-x86_64 | 1.0.4 | 25.48 | 127.97 | 153.45 | OK | |
r-release-linux-x86_64 | 1.0.4 | 15.45 | 131.06 | 146.51 | OK | |
r-release-macos-arm64 | 1.0.4 | 51.00 | OK | |||
r-release-macos-x86_64 | 1.0.4 | 87.00 | OK | |||
r-release-windows-x86_64 | 1.0.4 | 32.00 | 159.00 | 191.00 | OK | |
r-oldrel-macos-arm64 | 1.0.4 | 57.00 | OK | |||
r-oldrel-macos-x86_64 | 1.0.4 | 64.00 | OK | |||
r-oldrel-windows-ix86+x86_64 | 1.0.4 | 44.00 | 195.00 | 239.00 | OK |
Version: 1.0.4
Check: package dependencies
Result: WARN
Requires (indirectly) orphaned package: ‘gtools’
Flavors: r-devel-linux-x86_64-fedora-clang, r-devel-linux-x86_64-fedora-gcc