CRAN Package Check Results for Package webr

Last updated on 2021-03-01 23:49:12 CET.

Flavor Version Tinstall Tcheck Ttotal Status Flags
r-devel-linux-x86_64-debian-clang 0.1.5 OK
r-devel-linux-x86_64-debian-gcc 0.1.5 9.09 93.16 102.25 OK
r-devel-linux-x86_64-fedora-clang 0.1.5 173.24 NOTE
r-devel-linux-x86_64-fedora-gcc 0.1.5 158.79 NOTE
r-devel-windows-ix86+x86_64 0.1.5 21.00 128.00 149.00 OK
r-patched-linux-x86_64 0.1.5 7.78 119.67 127.45 OK
r-patched-solaris-x86 0.1.5 235.30 NOTE
r-release-linux-x86_64 0.1.5 9.27 122.16 131.43 OK
r-release-macos-x86_64 0.1.5 NOTE
r-release-windows-ix86+x86_64 0.1.5 38.00 167.00 205.00 OK
r-oldrel-macos-x86_64 0.1.5 NOTE
r-oldrel-windows-ix86+x86_64 0.1.5 18.00 160.00 178.00 OK

Check Details

Version: 0.1.5
Check: dependencies in R code
Result: NOTE
    Namespaces in Imports field not imported from:
     ‘shiny’ ‘tidyselect’
     All declared Imports should be used.
Flavors: r-devel-linux-x86_64-fedora-clang, r-devel-linux-x86_64-fedora-gcc, r-patched-solaris-x86, r-release-macos-x86_64, r-oldrel-macos-x86_64