CRAN Package Check Results for Package webmorphR

Last updated on 2022-09-25 23:56:28 CEST.

Flavor Version Tinstall Tcheck Ttotal Status Flags
r-devel-linux-x86_64-debian-clang 0.1.1 10.92 294.50 305.42 OK
r-devel-linux-x86_64-debian-gcc 0.1.1 9.32 157.80 167.12 OK
r-devel-linux-x86_64-fedora-clang 0.1.1 332.45 NOTE
r-devel-linux-x86_64-fedora-gcc 0.1.1 248.97 OK
r-devel-windows-x86_64 0.1.1 95.00 223.00 318.00 OK
r-patched-linux-x86_64 0.1.1 12.86 191.15 204.01 OK
r-release-linux-x86_64 0.1.1 7.25 198.12 205.37 OK
r-release-macos-arm64 0.1.1 62.00 OK
r-release-macos-x86_64 0.1.1 99.00 OK
r-release-windows-x86_64 0.1.1 89.00 216.00 305.00 OK
r-oldrel-macos-arm64 0.1.1 60.00 OK
r-oldrel-macos-x86_64 0.1.1 98.00 OK
r-oldrel-windows-ix86+x86_64 0.1.1 23.00 219.00 242.00 OK

Check Details

Version: 0.1.1
Check: Rd cross-references
Result: NOTE
    Undeclared package ‘purrr’ in Rd xrefs
Flavor: r-devel-linux-x86_64-fedora-clang