CRAN Package Check Results for Package webglobe

Last updated on 2019-08-11 23:47:43 CEST.

Flavor Version Tinstall Tcheck Ttotal Status Flags
r-devel-linux-x86_64-debian-clang 1.0.2 9.38 73.84 83.22 OK
r-devel-linux-x86_64-debian-gcc 1.0.2 8.21 57.95 66.16 OK
r-devel-linux-x86_64-fedora-clang 1.0.2 81.42 NOTE
r-devel-linux-x86_64-fedora-gcc 1.0.2 78.70 OK
r-devel-windows-ix86+x86_64 1.0.2 45.00 139.00 184.00 NOTE
r-patched-linux-x86_64 1.0.2 8.91 73.91 82.82 OK
r-patched-solaris-x86 1.0.2 146.30 NOTE
r-release-linux-x86_64 1.0.2 9.16 74.94 84.10 OK
r-release-windows-ix86+x86_64 1.0.2 38.00 99.00 137.00 NOTE
r-release-osx-x86_64 1.0.2 NOTE
r-oldrel-windows-ix86+x86_64 1.0.2 29.00 131.00 160.00 NOTE
r-oldrel-osx-x86_64 1.0.2 NOTE

Check Details

Version: 1.0.2
Check: installed package size
Result: NOTE
     installed size is 10.8Mb
     sub-directories of 1Mb or more:
     client 9.6Mb
     doc 1.0Mb
Flavors: r-devel-linux-x86_64-fedora-clang, r-devel-windows-ix86+x86_64, r-patched-solaris-x86, r-release-windows-ix86+x86_64, r-release-osx-x86_64, r-oldrel-windows-ix86+x86_64, r-oldrel-osx-x86_64