CRAN Package Check Results for Package webglobe

Last updated on 2019-06-07 02:51:16 CEST.

Flavor Version Tinstall Tcheck Ttotal Status Flags
r-devel-linux-x86_64-debian-clang 1.0.2 8.40 73.12 81.52 OK
r-devel-linux-x86_64-debian-gcc 1.0.2 7.15 57.82 64.97 OK
r-devel-linux-x86_64-fedora-clang 1.0.2 78.84 NOTE
r-devel-linux-x86_64-fedora-gcc 1.0.2 86.88 OK
r-devel-windows-ix86+x86_64 1.0.2 38.00 141.00 179.00 NOTE
r-patched-linux-x86_64 1.0.2 8.16 73.36 81.52 OK
r-patched-solaris-x86 1.0.2 155.20 NOTE
r-release-linux-x86_64 1.0.2 8.65 75.01 83.66 OK
r-release-windows-ix86+x86_64 1.0.2 41.00 150.00 191.00 NOTE
r-release-osx-x86_64 1.0.2 NOTE
r-oldrel-windows-ix86+x86_64 1.0.2 17.00 133.00 150.00 NOTE
r-oldrel-osx-x86_64 1.0.2 NOTE

Check Details

Version: 1.0.2
Check: installed package size
Result: NOTE
     installed size is 10.8Mb
     sub-directories of 1Mb or more:
     client 9.6Mb
     doc 1.0Mb
Flavors: r-devel-linux-x86_64-fedora-clang, r-devel-windows-ix86+x86_64, r-patched-solaris-x86, r-release-windows-ix86+x86_64, r-release-osx-x86_64, r-oldrel-windows-ix86+x86_64, r-oldrel-osx-x86_64